NOAA-style Climate Reports

Select a Year or Month report
V/Λ2017 > Jan Feb Mar Apr May Jun Jul Aug Sep Oct Nov Dec
V/Λ2016 > Jan Feb Mar Apr May Jun Jul Aug Sep Oct Nov Dec
V/Λ2015 > Jan Feb Mar Apr May Jun Jul Aug Sep Oct Nov Dec
V/Λ2014 > Jan Feb Mar Apr May Jun Jul Aug Sep Oct Nov Dec

Report for 2017 May
                   Monthly Climatological Summary for May 2017

Name: Horley Weather Station   City: Horley, Surrey   State: United Kingdom
Elevation: 60 m  Lat: N 51 10 32   Lon: W 000 09 41

                  Temperature (°C), Rain (mm), Wind Speed (kts)

                                      Heat  Cool        Avg
    Mean                              Deg   Deg         Wind                 Dom
Day Temp  High   Time   Low    Time   Days  Days  Rain  Speed High   Time    Dir
----------------------------------------------------------------------------------
01   8.9  15.6   13:01   3.3   05:43   9.4   0.0   1.6   1.4  20.9   16:50   SSE
02  11.7  19.4   13:15   7.3   05:10   6.7   0.0   0.2   2.4  17.4   06:58   NNW
03   9.9  11.1   13:00   8.7   10:36   8.4   0.0   0.0   3.1  20.9   12:48   NNW
04  10.8  13.8   13:40   9.0   00:08   7.5   0.0   0.0   2.3  22.6   20:40   NNW
05  11.2  15.4   14:56   8.2   01:19   7.1   0.0   0.0   1.5  27.8   13:57    NE
06  12.5  17.5   14:01   8.8   05:50   5.8   0.0   0.0   2.1  22.6   11:53     N
07  11.0  17.5   17:00   7.3   05:54   7.3   0.0   0.0   2.5  24.3   08:58   NNW
08   8.2  12.0   15:47   1.7   05:26  10.1   0.0   0.0   3.0  20.9   13:10   NNW
09   8.1  15.6   17:09   0.6   05:29  10.2   0.0   0.0   0.5  15.6   12:30   NNW
10  12.0  20.0   17:05   4.8   05:06   6.5   0.2   0.0   0.7  15.6   15:09   SSE
11  16.0  21.8   16:24  12.5   00:21   3.1   0.7   3.6   1.0  20.9   12:50   SSE
12  13.8  18.1   17:42  11.3   04:42   4.5   0.0   1.2   3.4  19.1   13:09     S
13  14.3  18.4   14:21  11.1   22:22   4.0   0.0   1.6   3.2  24.3   13:19     S
14  13.6  18.8   13:40   7.9   04:09   4.7   0.0   1.6   2.3  19.1   15:53     S
15  16.3  19.3   09:59  12.9   10:00   2.0   0.0   0.4   2.9  22.6   11:53     S
16  18.4  23.9   14:00  15.1   03:22   1.3   1.4  21.0   1.8  19.1   10:29   SSW
17  13.6  19.6   13:40   9.6   05:29   4.7   0.1  14.0   0.5  12.2   15:10     N
18  11.3  16.3   11:58   9.1   05:30   7.0   0.0  17.6   0.0  12.2   09:32   NNW
19  10.2  14.2   17:17   4.3   05:56   8.1   0.0   0.2   1.1  17.4   10:39   WNW
20  12.5  16.5   13:21   7.6   05:35   5.8   0.0   0.0   2.9  24.3   14:32     S
21  15.1  20.8   16:42   9.3   05:20   3.6   0.4   0.0   1.2  22.6   15:41     S
22  17.7  24.4   15:52  10.9   04:54   2.5   1.9   0.0   2.2  19.1   13:23     S
23  16.8  21.4   17:54  11.2   05:11   2.3   0.8   0.0   0.6  10.4   12:34   WNW
24  19.0  26.8   17:43  11.2   05:26   2.0   2.8   0.0   0.3   8.7   11:00    SW
25  19.4  27.2   15:21  11.3   04:53   2.1   3.2   0.0   0.4  10.4   13:14    SE
26  21.0  27.7   14:59  13.6   04:46   1.0   3.7   0.2   1.6  19.1   11:12    SE
27  15.9  22.1   10:12  11.2   05:04   2.8   0.4   0.0   2.5  24.3   16:27     S
28  17.5  24.9   13:16  11.7   04:30   2.1   1.3  19.2   0.3  10.4   13:38    NW
29  17.6  22.4   13:37  14.3   05:00   1.6   0.8   0.2   1.3  13.9   18:27   SSW
----------------------------------------------------------------------------------
    13.9  27.7    26     0.6     9   144.2  17.7  82.6   1.8  27.8     5     SSW

Max >=  27.0  2
Max <=   0.0  0
Min <=   0.0  0
Min <= -18.0  0
Max Rain: 21.0 on day 16
Days of Rain: 14 (>= 0.2 mm)  5 (>= 2.0 mm)  1 (>= 20.0 mm)
Heat Base: 18.3  Cool Base: 18.3  Method: Integration
 ☁ home ☁ gauges ☁ graphs ☁ today ☁ yesterday ☁ this month ☁ this year ☁ 
 ☁ forecasts ☁ records ☁ monthly records ☁ climate data ☁ charts ☁ 
 ☁ Earth ☁ lightning ☁ radar ☁ satellite ☁ rivers ☁ forum ☁