NOAA-style Climate Reports

Select a Year or Month report
V/Λ2017 > Jan Feb Mar Apr May Jun Jul Aug Sep Oct Nov Dec
V/Λ2016 > Jan Feb Mar Apr May Jun Jul Aug Sep Oct Nov Dec
V/Λ2015 > Jan Feb Mar Apr May Jun Jul Aug Sep Oct Nov Dec
V/Λ2014 > Jan Feb Mar Apr May Jun Jul Aug Sep Oct Nov Dec

Report for 2017 Feb
                   Monthly Climatological Summary for Feb 2017

Name: Horley Weather Station   City: Horley, Surrey   State: United Kingdom
Elevation: 60 m  Lat: N 51 10 32   Lon: W 000 09 41

                  Temperature (°C), Rain (mm), Wind Speed (kts)

                                      Heat  Cool        Avg
    Mean                              Deg   Deg         Wind                 Dom
Day Temp  High   Time   Low    Time   Days  Days  Rain  Speed High   Time    Dir
----------------------------------------------------------------------------------
01   9.8  10.4   13:17   8.9   06:08   8.5   0.0   4.0   4.4  24.3   22:14     S
02   9.5  11.1   14:42   7.2   07:11   8.8   0.0   4.6   6.4  31.3   14:10     S
03   6.2   9.7   13:14   2.4   05:57  12.1   0.0   8.2   3.7  27.8   12:48    SE
04   4.6   8.2   13:38   2.4   02:21  13.7   0.0   6.0   0.1   7.0   11:38   NNE
05   3.4   6.1   11:28  -1.2   06:58  14.9   0.0   0.0   2.0  26.1   12:55     N
06   5.4   7.4   13:00   0.0   09:00  12.9   0.0   9.0   1.1  12.2   18:33    SE
07   5.9  11.1   13:05   2.2   23:19  12.4   0.0   0.0   0.7  19.1   12:07   NNW
08   3.1   5.1   10:58   1.7   08:14  15.2   0.0   0.0   1.0  17.4   14:02   NNW
09   1.9   2.6   13:19   1.6   08:24  16.4   0.0   1.2   0.4  13.9   08:44   NNW
10   1.1   1.8   14:36   0.2   07:11  17.2   0.0   0.8   2.4  15.6   09:50     N
11   1.7   2.3   05:21   0.5   09:00  16.6   0.0   1.2   2.5  20.9   08:08     N
12   3.9   5.7   21:49   1.4   09:00  14.4   0.0   0.2   0.4  12.2   11:06   ENE
13   4.8  10.6   14:07   1.3   05:30  13.5   0.0   0.0   0.8  17.4   10:25     E
14   8.5  11.1   13:11   3.0   09:00   9.8   0.0   0.0   0.5  17.4   13:32    SE
15   8.1  10.9   11:33   5.5   01:19  10.2   0.0   3.0   1.0  24.3   12:27     S
16   8.4  12.3   15:19   5.7   07:35   9.9   0.0   0.2   0.4  13.9   15:20    SW
17   8.3  13.4   13:50   6.1   21:00  10.0   0.0   0.0   0.3   8.7   23:51   SSW
18   6.3  12.8   14:21   0.3   05:06  12.0   0.0   0.2   0.7  13.9   14:21   SSW
----------------------------------------------------------------------------------
     5.6  13.4    17    -1.2     5   228.5   0.0  38.6   1.6  31.3     2     SSE

Max >=  27.0  0
Max <=   0.0  0
Min <=   0.0  2
Min <= -18.0  0
Max Rain: 9.0 on day 6
Days of Rain: 12 (>= 0.2 mm)  6 (>= 2.0 mm)  0 (>= 20.0 mm)
Heat Base: 18.3  Cool Base: 18.3  Method: Integration
 ☁ home ☁ gauges ☁ graphs ☁ today ☁ yesterday ☁ this month ☁ this year ☁ 
 ☁ forecasts ☁ records ☁ monthly records ☁ climate data ☁ charts ☁ 
 ☁ Earth ☁ lightning ☁ radar ☁ satellite ☁ rivers ☁ forum ☁