NOAA-style Climate Reports

Select a Year or Month report
V/Λ2017 > Jan Feb Mar Apr May Jun Jul Aug Sep Oct Nov Dec
V/Λ2016 > Jan Feb Mar Apr May Jun Jul Aug Sep Oct Nov Dec
V/Λ2015 > Jan Feb Mar Apr May Jun Jul Aug Sep Oct Nov Dec
V/Λ2014 > Jan Feb Mar Apr May Jun Jul Aug Sep Oct Nov Dec

Report for 2017 Jul
                   Monthly Climatological Summary for Jul 2017

Name: Horley Weather Station   City: Horley, Surrey   State: United Kingdom
Elevation: 60 m  Lat: N 51 10 32   Lon: W 000 09 41

                  Temperature (°C), Rain (mm), Wind Speed (kts)

                                      Heat  Cool        Avg
    Mean                              Deg   Deg         Wind                 Dom
Day Temp  High   Time   Low    Time   Days  Days  Rain  Speed High   Time    Dir
----------------------------------------------------------------------------------
01  18.3  22.8   18:51  15.1   07:22   1.1   1.1   0.4   2.4  26.1   07:08     N
02  18.5  23.8   18:10  13.3   03:00   1.4   1.6   0.0   1.8  20.9   13:11     N
03  18.2  23.5   17:09  12.1   05:30   1.8   1.6   0.0   1.4  17.4   17:45   SSW
04  18.7  23.7   16:18  12.2   05:04   1.6   2.0   0.0   0.8  13.9   11:49   WSW
05  22.2  29.9   17:40  15.8   03:44   0.5   4.4   0.0   0.6  12.2   12:37     S
06  23.6  30.2   17:22  16.2   05:18   0.2   5.4   0.0   0.9  15.6   12:40   SSE
07  22.2  29.3   14:50  16.7   05:11   0.3   4.2   0.0   1.8  17.4   16:00    SW
08  20.4  27.0   18:17  14.4   04:34   1.0   3.1   0.0   1.0  12.2   14:14   NNW
09  20.9  27.8   17:07  13.8   05:34   1.1   3.7   0.0   1.5  19.1   12:09     S
10  19.4  26.5   14:47  13.8   04:00   1.4   2.6   0.0   1.6  20.9   16:42   WSW
11  15.8  19.5   14:50  14.2   06:08   2.5   0.0  35.4   2.5  20.9   14:46   SSW
12  15.9  22.5   17:38   9.7   05:17   3.0   0.6   0.0   1.5  22.6   10:05   NNW
13  17.9  23.3   16:34  13.2   05:15   1.6   1.3   0.0   0.2  13.9   09:47    NW
14  17.2  21.4   16:43  13.5   00:35   1.7   0.6   0.0   2.0  22.6   13:05     N
15  19.0  21.6   18:34  17.2   00:28   0.2   0.9   0.0   1.1  13.9   13:05   SSW
----------------------------------------------------------------------------------
    19.2  30.2     6     9.7    12    19.4  33.1  35.8   1.4  26.1     1       W

Max >=  27.0  5
Max <=   0.0  0
Min <=   0.0  0
Min <= -18.0  0
Max Rain: 35.4 on day 11
Days of Rain: 2 (>= 0.2 mm)  1 (>= 2.0 mm)  1 (>= 20.0 mm)
Heat Base: 18.3  Cool Base: 18.3  Method: Integration
 ☁ forecasts ☁ records ☁ monthly records ☁ climate data ☁ charts ☁ 
 ☁ Earth ☁ lightning ☁ radar ☁ satellite ☁ rivers ☁ forum ☁