NOAA-style Climate Reports

Select a Year or Month report
V/Λ2017 > Jan Feb Mar Apr May Jun Jul Aug Sep Oct Nov Dec
V/Λ2016 > Jan Feb Mar Apr May Jun Jul Aug Sep Oct Nov Dec
V/Λ2015 > Jan Feb Mar Apr May Jun Jul Aug Sep Oct Nov Dec
V/Λ2014 > Jan Feb Mar Apr May Jun Jul Aug Sep Oct Nov Dec

Report for 2017 Mar
                   Monthly Climatological Summary for Mar 2017

Name: Horley Weather Station   City: Horley, Surrey   State: United Kingdom
Elevation: 60 m  Lat: N 51 10 32   Lon: W 000 09 41

                  Temperature (°C), Rain (mm), Wind Speed (kts)

                                      Heat  Cool        Avg
    Mean                              Deg   Deg         Wind                 Dom
Day Temp  High   Time   Low    Time   Days  Days  Rain  Speed High   Time    Dir
----------------------------------------------------------------------------------
01   6.7   8.8   12:47   4.4   03:50  11.6   0.0   0.4   3.9  31.3   03:17   WSW
02   7.7  11.7   14:36   4.8   03:00  10.6   0.0   2.0   3.1  27.8   09:20     W
03   8.5  10.7   15:27   6.7   09:00   9.8   0.0   2.8   1.2  19.1   09:26    SE
04   7.8  11.2   12:01   5.2   08:47  10.5   0.0   7.0   3.6  26.1   08:22     S
05   6.4  10.7   12:40   1.8   06:27  11.9   0.0   6.2   3.2  24.3   09:28   WSW
06   7.1  10.2   14:30   4.7   09:00  11.2   0.0   0.0   2.0  24.3   12:30   NNW
07   8.6  11.7   15:18   5.8   09:00   9.7   0.0   2.2   2.9  19.1   23:48     S
08  11.4  14.4   13:27   9.2   20:42   6.9   0.0   0.4   1.4  13.9   12:52   WSW
09  10.4  17.4   14:31   5.1   02:15   7.9   0.0   0.0   1.5  17.4   11:56   NNW
10   9.9  11.6   14:48   8.5   09:00   8.4   0.0   0.0   0.8  10.4   09:07   SSE
11  11.0  17.7   14:23   7.4   04:49   7.3   0.0   0.0   0.5  12.2   14:38     S
12   9.7  12.6   11:00   5.4   07:03   8.6   0.0   1.2   1.2  15.6   23:17     N
13   9.9  15.6   15:43   5.1   02:46   8.4   0.0   0.0   1.1  17.4   11:38   NNW
14  10.7  14.8   14:19   6.7   02:53   7.6   0.0   0.0   1.1  20.9   16:22    NW
15  10.1  17.9   14:15   3.8   06:35   8.2   0.0   0.0   0.6  10.4   12:14    SW
16   9.6  16.0   14:30   2.9   06:09   8.7   0.0   0.0   1.4  17.4   18:14   WSW
17  10.4  12.6   08:58   7.7   09:00   7.9   0.0   0.0   4.8  29.5   22:58     W
18  13.0  15.1   12:24  11.4   06:12   5.3   0.0   0.0   4.0  24.3   10:25   WNW
19  11.9  15.2   14:49  10.3   04:29   6.4   0.0   1.2   4.2  24.3   09:10   SSW
20   7.7  11.8   12:27   3.4   06:28  10.6   0.0   2.6   2.4  31.3   12:38   SSW
21   8.0  12.2   13:40   5.5   22:26  10.3   0.0   1.8   3.9  24.3   05:22     S
22   6.7   9.8   15:50   4.3   21:22  11.6   0.0  10.6   1.7  24.3   09:35   SSE
23   8.7  10.9   15:28   7.3   21:25   9.6   0.0   0.0   2.4  22.6   14:26   ENE
24   7.7  11.7   15:55   4.7   03:40  10.6   0.0   0.2   1.4  22.6   13:29    NE
25   9.4  15.1   12:26   5.7   03:40   8.9   0.0   0.0   2.0  31.3   14:59    NE
26   9.3  16.2   16:00   3.8   05:03   9.0   0.0   0.0   0.9  17.4   16:11    NE
27   9.3  17.2   16:28   3.5   04:06   9.0   0.0   0.0   0.5  12.2   11:37     E
----------------------------------------------------------------------------------
     9.2  17.9    15     1.8     5   246.5   0.0  38.6   2.1  31.3     1      SW

Max >=  27.0  0
Max <=   0.0  0
Min <=   0.0  0
Min <= -18.0  0
Max Rain: 10.6 on day 22
Days of Rain: 13 (>= 0.2 mm)  7 (>= 2.0 mm)  0 (>= 20.0 mm)
Heat Base: 18.3  Cool Base: 18.3  Method: Integration
 ☁ home ☁ gauges ☁ graphs ☁ today ☁ yesterday ☁ this month ☁ this year ☁ 
 ☁ forecasts ☁ records ☁ monthly records ☁ climate data ☁ charts ☁ 
 ☁ Earth ☁ lightning ☁ radar ☁ satellite ☁ rivers ☁ forum ☁