NOAA-style Climate Reports

Select a Year or Month report
V/Λ2017 > Jan Feb Mar Apr May Jun Jul Aug Sep Oct Nov Dec
V/Λ2016 > Jan Feb Mar Apr May Jun Jul Aug Sep Oct Nov Dec
V/Λ2015 > Jan Feb Mar Apr May Jun Jul Aug Sep Oct Nov Dec
V/Λ2014 > Jan Feb Mar Apr May Jun Jul Aug Sep Oct Nov Dec

Report for 2014 Aug
                   Monthly Climatological Summary for Aug 2014

Name: Horley Weather Station   City: Horley, Surrey   State: United Kingdom
Elevation: 60 m  Lat: N 51° 10' 32"   Lon: W 000° 09' 41"

                  Temperature (°C), Rain (mm), Wind Speed (kts)

                                      Heat  Cool        Avg
    Mean                              Deg   Deg         Wind                 Dom
Day Temp  High   Time   Low    Time   Days  Days  Rain  Speed High   Time    Dir
----------------------------------------------------------------------------------
 1  18.3  23.9   14:32  13.1   04:41   1.4   1.4   0.0   1.1  11.2   16:53     S
 2  18.1  22.8   13:02  14.0   01:06   1.5   1.2   0.0   1.3  14.6   12:31     S
 3  17.1  23.3   15:24   9.3   05:38   2.6   1.4   0.0   0.9  11.2   15:26     S
 4  17.0  22.9   11:41  10.8   04:09   2.5   1.2   0.0   0.5   7.9   14:03     S
 5  17.5  24.4   15:22   9.7   05:17   2.4   1.7   0.0   1.1  11.2   14:47     S
 6  19.8  25.4   16:31  15.9   07:21   0.7   2.2  12.2   0.5   7.9   12:21    SE
 7  19.9  26.8   14:47  12.8   05:58   1.4   3.0   0.0   0.5   9.0   17:28   SSW
 8  18.3  23.3   14:25  14.3   23:20   1.4   1.4  14.6   0.2  11.2   22:38     N
 9  17.3  22.8   15:12  12.8   05:58   2.0   1.0   1.0   1.5  15.7   17:11     S
10  17.2  21.3   13:33  14.0   05:01   1.6   0.5  15.2   2.4  22.2   14:04     S
11  15.5  20.8   13:22  12.1   23:22   2.9   0.2   0.4   2.2  19.5   13:27   SSW
12  15.7  21.0   12:54  11.4   05:14   2.9   0.3   0.0   1.8  14.4   12:58   SSW
13  16.5  22.1   15:51  10.7   04:15   2.6   0.8   0.0   1.0  13.0   14:47   NNW
14  15.2  21.0   13:07  11.4   05:58   3.3   0.2   4.4   0.6  15.6   12:40     S
15  15.1  21.0   15:36  10.6   04:40   3.4   0.2   0.0   1.4  15.6   13:04     N
16  15.8  21.4   15:19  10.4   06:04   2.8   0.3   0.0   1.1  15.6   17:29    SW
17  16.0  21.1   16:14  12.7   23:40   2.5   0.2   1.0   1.8  22.2   15:20    SW
18  14.8  21.1   14:25   9.9   05:30   3.6   0.1   0.0   1.2  18.3   16:14   NNW
19  13.1  18.4   15:57   8.2   23:55   5.2   0.0   0.6   1.2  15.6   11:44   NNW
20  12.5  19.2   14:09   5.9   06:09   5.8   0.0   0.0   0.8  14.4   16:24     N
21  12.6  18.7   12:27   4.9   06:19   5.7   0.0   0.0   1.0  11.7   16:17   SSW
22  15.2  20.6   14:58  10.2   23:58   3.4   0.3   0.0   0.9  14.4   14:24     N
23  13.1  18.8   15:42   7.6   06:26   5.2   0.0   0.2   0.9  13.0   18:37   NNW
24  13.0  19.6   13:22   5.6   06:41   5.4   0.1   0.0   0.7   9.1   13:12     S
25  14.9  17.2   15:25  12.0   03:25   3.4   0.0  22.2   0.5  14.4   15:15     S
26  15.6  17.8   14:40  13.1   23:56   2.7   0.0  14.6   0.5  14.4   15:07   NNW
27  15.6  20.2   13:35  10.1   03:06   2.9   0.1   0.0   0.9  10.5   10:41    SE
28  17.6  22.1   14:34  14.6   23:21   1.2   0.5   2.4   1.6  14.4   18:44     S
29  16.5  20.1   14:43  13.7   02:32   2.0   0.2   1.6   2.4  19.5   16:00     S
30  17.1  20.6   13:32  13.6   23:56   1.5   0.2   0.6   1.1  15.6   10:41   WSW
31  16.3  22.2   16:44  11.8   06:37   2.8   0.7   0.0   1.1  13.0   15:45     N
----------------------------------------------------------------------------------
    16.1  26.8     7     4.9    21    88.7  19.4  91.0   1.0  22.2    10     SSW

Max >=  27.0:  0
Max <=   0.0:  0
Min <=   0.0:  0
Min <= -18.0:  0
Max Rain: 22.2 on day 25
Days of Rain: 14 (>= 0.2 mm)  7 (>= 2.0 mm)  1 (>= 20.0 mm)
Heat Base: 18.3  Cool Base: 18.3  Method: Integration
 ☁ forecasts ☁ records ☁ monthly records ☁ climate data ☁ charts ☁ 
 ☁ Earth ☁ lightning ☁ radar ☁ satellite ☁ rivers ☁ forum ☁