NOAA-style Climate Reports

Select a Year or Month report
V/Λ2017 > Jan Feb Mar Apr May Jun Jul Aug Sep Oct Nov Dec
V/Λ2016 > Jan Feb Mar Apr May Jun Jul Aug Sep Oct Nov Dec
V/Λ2015 > Jan Feb Mar Apr May Jun Jul Aug Sep Oct Nov Dec
V/Λ2014 > Jan Feb Mar Apr May Jun Jul Aug Sep Oct Nov Dec

Report for 2014 Sep
                   Monthly Climatological Summary for Sep 2014

Name: Horley Weather Station   City: Horley, Surrey   State: United Kingdom
Elevation: 60 m  Lat: N 51° 10' 32"   Lon: W 000° 09' 41"

                  Temperature (°C), Rain (mm), Wind Speed (kts)

                                      Heat  Cool        Avg
    Mean                              Deg   Deg         Wind                 Dom
Day Temp  High   Time   Low    Time   Days  Days  Rain  Speed High   Time    Dir
----------------------------------------------------------------------------------
 1  15.0  18.3   17:51   9.3   06:04   3.3   0.0  14.0   0.2   7.8   11:52     S
 2  15.9  22.1   15:01  12.3   05:01   2.9   0.5   0.0   0.1   7.8   14:05    NW
 3  16.4  23.6   15:58  10.3   04:42   3.2   1.3   0.0   0.2  13.0   17:54   NNE
 4  16.5  22.2   15:33   9.9   05:21   2.5   0.8   0.0   0.0   5.3   08:23    NW
 5  16.0  21.4   14:27  10.6   06:17   2.8   0.5   0.0   0.5   9.1   12:37   NNW
 6  17.4  22.3   17:27  13.1   23:59   1.7   0.8   0.0   0.0   0.0   00:00   ---
 7  15.3  21.8   16:14   9.7   06:28   3.5   0.5   0.0   0.2   7.8   14:03   NNW
 8  15.7  23.1   15:16   9.0   06:46   3.7   1.1   0.0   0.2  10.5   10:38   NNW
 9  15.1  22.5   15:03   8.9   06:14   4.0   0.8   0.0   0.2   6.5   13:53   ESE
10  13.7  20.4   16:00   7.4   06:28   4.8   0.2   0.0   0.2   9.1   16:25   NNW
11  13.8  19.0   14:15   7.5   03:14   4.5   0.0   0.0   0.2   9.1   13:11   NNW
12  16.4  23.3   15:12  10.3   04:14   3.0   1.1   0.0   0.2   9.1   11:58   NNE
13  15.8  22.6   13:39  10.9   02:53   3.2   0.7   0.0   0.4  11.7   11:45   NNW
14  15.6  22.8   14:47   9.4   05:50   3.4   0.8   0.0   0.5  13.0   10:39    NE
15  16.1  22.4   14:46  11.6   05:52   3.0   0.8   0.0   0.4   9.1   09:01   NNW
16  17.2  24.7   15:17  11.0   04:53   2.8   1.7   0.0   0.1   7.8   12:58    SE
17  16.8  21.8   16:00  11.8   04:42   2.1   0.6   0.0   0.5  13.0   14:44   NNW
18  19.1  27.2   15:00  14.2   05:07   1.4   2.2   0.0   0.1   7.8   15:11    NE
19  19.4  26.4   16:28  14.9   04:09   0.9   2.0   9.0   0.2   7.8   14:29   SSW
20  17.2  20.6   14:11  15.4   23:33   1.4   0.3   0.0   0.6  11.7   18:24   NNW
21  14.6  18.2   13:46   9.1   23:44   3.7   0.0   0.0   2.7  17.0   12:07   NNW
22  11.6  18.3   15:51   5.8   07:05   6.7   0.0   0.0   0.5   9.1   12:26   NNW
23  11.6  19.3   14:24   4.2   06:47   6.7   0.0   0.0   0.2   6.5   12:15     S
24  13.3  18.1   15:50   8.2   23:31   5.0   0.0   3.8   1.4  18.3   17:00     N
25  12.9  20.2   13:53   4.1   06:44   5.6   0.2   0.0   0.8   9.1   11:59   SSW
26  16.7  21.3   14:35  11.9   23:54   2.0   0.4   0.0   0.6   7.8   01:19   SSW
27  14.5  20.8   13:11   8.8   04:11   4.1   0.3   0.0   0.1   5.3   15:01   SSE
28  16.8  23.8   13:10  11.3   06:52   2.8   1.3   0.0   0.4  11.7   13:15    SE
29  14.6  19.2   14:22  11.1   05:32   3.8   0.1   0.0   0.5   9.1   16:06     S
30  16.7  21.9   13:57  13.6   06:25   2.1   0.5   0.0   0.9  10.5   16:04     S
----------------------------------------------------------------------------------
    15.6  27.2    18     4.1    25   100.6  19.5  26.8   0.4  18.3    24     NNW

Max >=  27.0:  1
Max <=   0.0:  0
Min <=   0.0:  0
Min <= -18.0:  0
Max Rain: 14.0 on day 1
Days of Rain: 3 (>= 0.2 mm)  3 (>= 2.0 mm)  0 (>= 20.0 mm)
Heat Base: 18.3  Cool Base: 18.3  Method: Integration
 ☁ forecasts ☁ records ☁ monthly records ☁ climate data ☁ charts ☁ 
 ☁ Earth ☁ lightning ☁ radar ☁ satellite ☁ rivers ☁ forum ☁