NOAA-style Climate Reports

Select a Year or Month report
V/Λ2017 > Jan Feb Mar Apr May Jun Jul Aug Sep Oct Nov Dec
V/Λ2016 > Jan Feb Mar Apr May Jun Jul Aug Sep Oct Nov Dec
V/Λ2015 > Jan Feb Mar Apr May Jun Jul Aug Sep Oct Nov Dec
V/Λ2014 > Jan Feb Mar Apr May Jun Jul Aug Sep Oct Nov Dec

Report for 2014 Oct
                   Monthly Climatological Summary for Oct 2014

Name: Horley Weather Station   City: Horley, Surrey   State: United Kingdom
Elevation: 60 m  Lat: N 51° 10' 32"   Lon: W 000° 09' 41"

                  Temperature (°C), Rain (mm), Wind Speed (kts)

                                      Heat  Cool        Avg
    Mean                              Deg   Deg         Wind                 Dom
Day Temp  High   Time   Low    Time   Days  Days  Rain  Speed High   Time    Dir
----------------------------------------------------------------------------------
 1  17.2  20.4   12:58  14.8   00:00   1.4   0.2   0.2   0.8  11.7   07:33     S
 2  15.7  20.0   12:58  11.7   23:22   2.9   0.2   0.0   0.2   9.1   13:58   SSE
 3  15.8  21.8   13:15  12.1   00:00   3.0   0.5   0.0   0.7  11.7   12:42     S
 4  12.6  18.5   10:12   4.8   23:55   5.7   0.0   4.4   1.8  22.6   10:55   NNW
 5   8.3  16.4   16:04   0.9   07:21  10.0   0.0   0.0   0.2   5.2   12:06     N
 6  10.4  13.7   10:06   5.3   01:01   7.9   0.0   8.8   2.6  27.8   13:43   SSE
 7  10.1  15.4   14:33   5.7   23:57   8.2   0.0   7.8   1.4  22.6   15:47   SSW
 8  11.8  16.8   15:50   4.8   00:52   6.5   0.0  21.6   3.0  29.6   15:56     S
 9  13.8  17.2   12:43  11.4   02:06   4.5   0.0   4.2   5.6  33.0   13:00     S
10  12.2  16.5   11:43   7.1   07:07   6.1   0.0  20.2   1.1  20.8   18:09     S
11  11.5  16.0   15:22   6.6   23:48   6.8   0.0  20.4   0.3  14.0   12:23     S
12   9.7  14.6   14:19   4.3   05:06   8.6   0.0  12.8   0.8  24.4   19:06     N
13  12.5  14.0   13:26  11.3   23:25   5.8   0.0  20.8   3.2  20.8   00:17   NNW
14  12.0  12.9   15:00  11.3   00:00   6.3   0.0   2.6   0.1   8.6   00:04   SSW
15  12.9  15.1   13:59  11.3   07:39   5.4   0.0   6.8   0.8  15.6   21:10    SE
16  14.6  17.6   15:15  11.4   06:53   3.7   0.0   1.0   0.7  15.6   14:05   SSW
17  15.9  18.6   12:40  13.5   04:19   2.4   0.0   0.2   2.8  20.8   14:26     S
18  17.8  20.2   14:12  15.8   00:00   0.8   0.3   1.0   5.2  26.0   13:36     S
19  16.6  19.1   13:58  13.9   22:00   1.7   0.1   2.8   3.9  26.0   05:39   SSW
20  14.0  18.2   15:01  11.1   08:00   4.3   0.0   0.0   1.7  19.2   12:36   SSW
21  12.3  14.0   15:16   8.1   23:51   6.0   0.0   3.6   5.9  36.6   17:00     N
22  10.0  13.6   12:52   5.2   07:51   8.3   0.0   0.0   1.1  17.4   13:06     N
23  13.4  15.2   14:13  11.0   00:00   4.9   0.0   0.2   1.9  17.4   23:58   SSW
24  15.0  17.2   12:14  11.9   23:57   3.3   0.0   1.0   1.0  10.4   00:25   SSW
25  11.2  15.1   15:32   6.1   04:23   7.1   0.0   0.0   0.5  12.2   14:07   SSW
26  13.5  15.5   14:41  11.9   00:03   5.0   0.0   0.0   1.5  17.4   13:54   SSW
27  14.4  18.2   14:03   9.5   23:31   3.9   0.0   0.0   3.1  26.0   10:05   SSW
28  13.7  17.1   14:14   8.6   04:49   4.6   0.0   0.0   2.7  20.8   12:56     S
29  13.9  15.2   03:27  12.9   14:05   4.4   0.0   6.2   0.1  14.0   06:17   NNW
30  14.9  18.9   14:08  11.4   22:14   3.4   0.0   0.0   0.8  15.6   10:34     S
31  15.7  22.2   13:06  11.6   00:00   3.2   0.5   0.0   1.2  17.4   13:27     S
----------------------------------------------------------------------------------
    13.3  22.2    31     0.9     5   156.1   1.8 146.6   1.8  36.6    21     SSW

Max >=  27.0:  0
Max <=   0.0:  0
Min <=   0.0:  0
Min <= -18.0:  0
Max Rain: 21.6 on day 8
Days of Rain: 20 (>= 0.2 mm)  14 (>= 2.0 mm)  4 (>= 20.0 mm)
Heat Base: 18.3  Cool Base: 18.3  Method: Integration
 ☁ forecasts ☁ records ☁ monthly records ☁ climate data ☁ charts ☁ 
 ☁ Earth ☁ lightning ☁ radar ☁ satellite ☁ rivers ☁ forum ☁