NOAA-style Climate Reports

Select a Year or Month report
V/Λ2017 > Jan Feb Mar Apr May Jun Jul Aug Sep Oct Nov Dec
V/Λ2016 > Jan Feb Mar Apr May Jun Jul Aug Sep Oct Nov Dec
V/Λ2015 > Jan Feb Mar Apr May Jun Jul Aug Sep Oct Nov Dec
V/Λ2014 > Jan Feb Mar Apr May Jun Jul Aug Sep Oct Nov Dec

Report for 2014 Nov
                   Monthly Climatological Summary for Nov 2014

Name: Horley Weather Station   City: Horley, Surrey   State: United Kingdom
Elevation: 60 m  Lat: N 51° 10' 32"   Lon: W 000° 09' 41"

                  Temperature (°C), Rain (mm), Wind Speed (kts)

                                      Heat  Cool        Avg
    Mean                              Deg   Deg         Wind                 Dom
Day Temp  High   Time   Low    Time   Days  Days  Rain  Speed High   Time    Dir
----------------------------------------------------------------------------------
 1  15.2  17.8   12:46  12.7   19:08   3.1   0.0   0.0   3.5  22.6   13:56   SSW
 2  13.5  15.7   10:44  10.4   22:19   4.8   0.0  11.6   5.6  31.4   07:03     S
 3   8.6  10.9   03:23   3.7   23:08   9.7   0.0  16.8   1.1  22.6   01:40     S
 4   7.1  12.9   13:40   3.2   00:32  11.2   0.0   3.0   0.2  10.4   23:04   NNW
 5   6.7  10.1   14:09   2.5   23:41  11.6   0.0   0.6   2.0  19.2   14:36     N
 6   6.4  11.8   13:03  -1.5   06:45  11.9   0.0   5.6   2.9  33.0   20:20     S
 7  11.1  13.3   12:56   8.1   20:31   7.2   0.0  10.0   5.2  38.2   00:24   SSW
 8  10.2  14.0   14:57   4.7   03:48   8.1   0.0   8.8   4.2  34.8   12:31     S
 9   9.1  13.2   14:07   5.8   20:34   9.3   0.0   2.8   0.2  12.2   14:34     S
10  10.1  13.2   14:05   6.4   03:15   8.2   0.0   5.2   2.7  24.4   22:31     S
11  11.4  14.1   12:53  10.1   05:13   6.9   0.0   5.2   5.2  29.6   10:38    SE
12  10.9  13.3   13:31   8.7   19:00   7.4   0.0   5.2   2.3  20.8   06:59   SSE
13  11.3  13.2   21:55   7.6   04:25   7.0   0.0   0.6   3.7  27.8   12:36    SE
14  10.7  14.6   13:48   5.6   21:53   7.6   0.0  18.0   2.4  22.6   01:33   SSE
15   8.4  13.1   14:12   4.7   01:39   9.9   0.0   4.2   0.1  12.2   13:22   SSW
16   9.1  11.6   13:06   7.3   05:23   9.2   0.0   3.0   0.0   7.0   13:20   NNW
17   8.2   9.7   13:56   7.1   21:27  10.1   0.0   5.2   0.6  10.4   04:59   SSE
18   8.9  13.1   13:11   6.2   23:54   9.4   0.0   0.4   0.1  12.2   12:21   SSE
19   7.7  11.1   14:04   5.1   23:43  10.6   0.0   0.0   0.1  10.4   14:28    SE
20   7.2  10.7   13:45   4.2   20:02  11.1   0.0   0.0   0.0   7.0   12:49   ---
21   7.7  10.9   23:50   6.2   03:00  10.6   0.0   0.6   0.7  14.0   22:31    SE
22  13.0  14.0   13:38  10.6   00:40   5.3   0.0   1.6   0.2   8.6   00:10     S
23   8.7  13.4   00:20   3.6   23:55   9.6   0.0  29.6   2.8  20.8   10:07     N
24   2.5   8.1   14:08  -0.7   23:14  15.8   0.0   0.2   0.1   8.6   13:54   NNW
25   5.3   8.4   12:32  -1.4   02:01  13.0   0.0   5.0   0.0   7.0   10:00   NNW
26   8.7   9.9   23:50   7.3   01:11   9.6   0.0   3.8   0.0   3.4   00:07   ---
27   9.4  10.6   04:17   7.6   21:42   8.9   0.0   8.0   0.0   5.2   07:56   ---
28  10.3  12.1   13:28   8.8   00:00   8.0   0.0   0.8   0.4  12.2   03:14     E
29   9.7  14.6   13:44   4.6   23:57   8.6   0.0   0.0   0.0   5.2   03:09   SSE
30   8.1  11.1   15:10   4.1   02:35  10.2   0.0   0.2   2.2  20.8   21:47     N
----------------------------------------------------------------------------------
     9.2  17.8     1    -1.5     6   273.9   0.0 156.0   1.6  38.2     7       S

Max >=  27.0:  0
Max <=   0.0:  0
Min <=   0.0:  3
Min <= -18.0:  0
Max Rain: 29.6 on day 23
Days of Rain: 26 (>= 0.2 mm)  18 (>= 2.0 mm)  1 (>= 20.0 mm)
Heat Base: 18.3  Cool Base: 18.3  Method: Integration
 ☁ forecasts ☁ records ☁ monthly records ☁ climate data ☁ charts ☁ 
 ☁ Earth ☁ lightning ☁ radar ☁ satellite ☁ rivers ☁ forum ☁