NOAA-style Climate Reports

Select a Year or Month report
V/Λ2017 > Jan Feb Mar Apr May Jun Jul Aug Sep Oct Nov Dec
V/Λ2016 > Jan Feb Mar Apr May Jun Jul Aug Sep Oct Nov Dec
V/Λ2015 > Jan Feb Mar Apr May Jun Jul Aug Sep Oct Nov Dec
V/Λ2014 > Jan Feb Mar Apr May Jun Jul Aug Sep Oct Nov Dec

Report for 2014 Dec
                   Monthly Climatological Summary for Dec 2014

Name: Horley Weather Station   City: Horley, Surrey   State: United Kingdom
Elevation: 60 m  Lat: N 51° 10' 32"   Lon: W 000° 09' 41"

                  Temperature (°C), Rain (mm), Wind Speed (kts)

                                      Heat  Cool        Avg
    Mean                              Deg   Deg         Wind                 Dom
Day Temp  High   Time   Low    Time   Days  Days  Rain  Speed High   Time    Dir
----------------------------------------------------------------------------------
 1   6.8   9.4   00:00   5.7   20:26  11.5   0.0   0.0   2.6  20.8   06:09   NNW
 2   6.8   7.9   15:30   5.7   00:00  11.5   0.0   1.0   8.9  43.4   13:59     N
 3   6.5   8.2   13:20   4.6   07:37  11.8   0.0   0.0   6.9  33.0   02:05     N
 4   3.4   5.9   00:00   2.4   21:36  14.9   0.0   0.6   0.5  24.4   01:11   NNE
 5   3.6   6.0   13:09   0.9   23:55  14.7   0.0   0.6   0.3  12.2   14:29   NNW
 6   0.8   5.6   13:35  -2.1   08:06  17.5   0.0   0.2   0.0   7.0   12:32     N
 7   6.3  11.2   13:36   1.4   23:31  12.0   0.0   0.2   1.8  27.8   14:32   WNW
 8   3.9   6.8   12:56   0.9   00:57  14.4   0.0   0.0   1.6  22.6   13:16   NNW
 9   4.5  11.2   23:50  -2.2   05:15  13.8   0.0   3.4   3.5  31.4   19:48   SSW
10   7.4  11.8   01:51   5.1   19:34  10.9   0.0   1.0   3.3  27.8   02:52   WSW
11   7.4   9.6   21:38   5.4   00:58  10.9   0.0   0.4   4.0  26.0   21:49   WSW
12   6.9  10.5   05:34   1.5   23:35  11.4   0.0  18.4   3.8  47.0   03:41    SW
13   1.1   6.2   14:01  -2.9   23:05  17.2   0.0   0.0   0.1  10.4   14:35     N
14   3.2   9.7   23:32  -4.2   04:45  15.1   0.0   2.0   2.4  22.6   21:33   SSW
15   7.2   9.7   00:00   3.7   08:47  11.1   0.0   0.8   0.3  15.6   04:21   WSW
16   6.0   8.0   00:00  -0.1   08:10  12.3   0.0   3.4   0.2  12.2   13:20     W
17  11.2  12.6   12:37   7.3   00:00   7.1   0.0   6.4   2.3  22.6   01:02   WSW
18  12.1  12.7   10:27  11.6   11:40   6.2   0.0   0.4   4.5  33.0   22:35    SW
19   9.1  12.2   00:35   4.3   22:47   9.3   0.0   2.4   3.5  26.0   07:56     W
20   6.4   9.5   12:45   3.7   23:17  11.9   0.0   0.0   1.9  20.8   13:39     W
21   8.4  11.6   23:40   2.9   00:44   9.9   0.0   0.0   3.5  27.8   13:10   WSW
22  11.8  12.7   07:30  10.4   20:50   6.5   0.0   0.0   5.1  24.4   02:36    SW
23  11.3  12.8   13:25  10.3   18:39   7.0   0.0   0.0   4.7  29.6   13:46    SW
24   8.2  11.3   06:47   3.7   21:37  10.1   0.0   1.0   2.5  27.8   04:45     W
25   4.6   8.9   13:32  -0.1   23:01  13.7   0.0   0.0   0.9  17.4   10:28   NNW
26   2.7   9.6   21:57  -1.6   06:45  15.6   0.0  14.0   1.2  20.8   18:21     S
27   3.5   8.9   00:00   1.8   23:57  14.8   0.0   0.8   9.5  45.2   04:28     N
28   1.2   5.6   13:22  -4.2   23:31  17.1   0.0   0.0   2.5  27.8   06:01     N
29  -0.5   5.1   13:50  -4.6   00:33  18.8   0.0   0.0   0.8  12.2   10:59     N
30  -1.0   4.4   13:59  -5.0   07:14  19.3   0.0   0.2   0.0   5.2   11:16   ---
31   1.4   6.6   19:41  -5.1   07:33  16.9   0.0   0.0   1.4  17.4   21:14     S
----------------------------------------------------------------------------------
     5.6  12.8    23    -5.1    31   395.2   0.0  57.2   2.6  47.0    12       W

Max >=  27.0:  0
Max <=   0.0:  0
Min <=   0.0: 11
Min <= -18.0:  0
Max Rain: 18.4 on day 12
Days of Rain: 19 (>= 0.2 mm)  7 (>= 2.0 mm)  0 (>= 20.0 mm)
Heat Base: 18.3  Cool Base: 18.3  Method: Integration
 ☁ forecasts ☁ records ☁ monthly records ☁ climate data ☁ charts ☁ 
 ☁ Earth ☁ lightning ☁ radar ☁ satellite ☁ rivers ☁ forum ☁