NOAA-style Climate Reports

Select a Year or Month report
V/Λ2017 > Jan Feb Mar Apr May Jun Jul Aug Sep Oct Nov Dec
V/Λ2016 > Jan Feb Mar Apr May Jun Jul Aug Sep Oct Nov Dec
V/Λ2015 > Jan Feb Mar Apr May Jun Jul Aug Sep Oct Nov Dec
V/Λ2014 > Jan Feb Mar Apr May Jun Jul Aug Sep Oct Nov Dec

Report for 2015
                   Annual Climatological Summary for 2015

Name: Horley Weather Station   City: Horley, Surrey   State: United Kingdom
Elevation: 60 m  Lat: N 51° 10' 32"   Lon: W 000° 09' 41"

                  Temperature (°C), Heat Base: 18.3  Cool Base: 18.3
                          Dep.  Heat  Cool                       Max  Max  Min  Min
        Mean  Mean        From  Deg   Deg                        >=   <=   <=   <=
 YR MO  Max   Min   Mean  Norm  Days  Days  Hi  Date  Low  Date 27.0  0.0  0.0 -18.0
------------------------------------------------------------------------------------
 15  1   8.4   1.1   5.0   0.7   413     0  14.3   9  -5.3   23    0    0   13    0
 15  2   7.6   0.5   4.3  -0.2   391     0  12.2  25  -3.7   22    0    0   13    0
 15  3  11.3   3.0   7.1   0.3   347     0  14.6   7  -2.4   23    0    0    4    0
 15  4  16.2   4.0  10.0   1.3   252     3  25.6  15  -0.4    6    0    0    1    0
 15  5  17.3   7.5  12.4   0.3   185     1  21.4  24   2.5   21    0    0    0    0
 15  6  21.6  10.1  15.8   0.8   102    27  29.7  30   5.3    7    1    0    0    0
 15  7  22.8  12.5  17.5   0.2    64    40  34.2   1   6.6   31    2    0    0    0
 15  8  22.5  12.5  17.5   0.5    47    27  29.4  22   6.3    1    2    0    0    0
 15  9  18.2   8.2  13.0  -1.3   106     1  20.7  12   3.3   26    0    0    0    0
 15 10  15.5   7.4  11.4   0.5   215     0  19.3   2   1.9   25    0    0    0    0
 15 11  13.0   7.6  10.5   3.3   233     0  16.7   6  -4.4   22    0    0    3    0
 15 12  13.0   8.5  11.1   6.4   222     0  15.5  19   1.6    9    0    0    0    0
------------------------------------------------------------------------------------
        15.6   6.9  11.3   1.1  2582   102  34.2 Jul  -5.3  Jan    5    0   34    0

                                Precipitation (mm)

              Dep.   Max        Days of Rain
              From   Obs.           >=
 YR MO Total  Norm   Day Date  0.2  2.0 20.0
---------------------------------------------
 15  1 125.8  46.9  32.4  15    23   13    1
 15  2  83.2  25.2  16.8  13    17   12    0
 15  3  26.2 -38.0   5.6  26    12    7    0
 15  4  19.6 -40.6   7.4  29    10    3    0
 15  5  63.0   7.6  16.0  14    14    9    0
 15  6  28.6 -15.7  11.4  22     8    4    0
 15  7  48.2  -4.8  23.0  24    19    4    1
 15  8  98.4  39.7  42.4  24    11    5    2
 15  9  68.0  -0.5  18.2  16    14    6    0
 15 10  73.6 -20.4  16.4   5    18    8    0
 15 11  82.8  -7.5  15.2   5    24   12    0
 15 12 106.8  13.7  14.8  30    29   14    0
---------------------------------------------
       824.2   5.6  42.4  Aug  199   97    4

                                Wind Speed (kts)
                          Dom
 YR MO   Avg.  Hi   Date  Dir
------------------------------
 15  1   2.8  55.6   15    SW
 15  2   2.6  36.6   26    NW
 15  3   2.9  48.6   31   WNW
 15  4   1.9  29.6    1     W
 15  5   2.9  47.0    5    SW
 15  6   2.5  38.2    2   WSW
 15  7   2.5  29.6    8   SSW
 15  8   1.7  29.6    4     S
 15  9   1.4  27.8   14   SSE
 15 10   1.2  29.6   14     N
 15 11   3.5  45.2   21    SW
 15 12   4.4  41.8   22     S
------------------------------
         2.5  55.6  Jan    SW
 ☁ forecasts ☁ records ☁ monthly records ☁ climate data ☁ charts ☁ 
 ☁ Earth ☁ lightning ☁ radar ☁ satellite ☁ rivers ☁ forum ☁