NOAA-style Climate Reports

Select a Year or Month report
V/Λ2017 > Jan Feb Mar Apr May Jun Jul Aug Sep Oct Nov Dec
V/Λ2016 > Jan Feb Mar Apr May Jun Jul Aug Sep Oct Nov Dec
V/Λ2015 > Jan Feb Mar Apr May Jun Jul Aug Sep Oct Nov Dec
V/Λ2014 > Jan Feb Mar Apr May Jun Jul Aug Sep Oct Nov Dec

Report for 2015 Jan
                   Monthly Climatological Summary for Jan 2015

Name: Horley Weather Station   City: Horley, Surrey   State: United Kingdom
Elevation: 60 m  Lat: N 51° 10' 32"   Lon: W 000° 09' 41"

                  Temperature (°C), Rain (mm), Wind Speed (kts)

                                      Heat  Cool        Avg
    Mean                              Deg   Deg         Wind                 Dom
Day Temp  High   Time   Low    Time   Days  Days  Rain  Speed High   Time    Dir
----------------------------------------------------------------------------------
 1   8.3  10.8   23:56   4.1   00:00  10.0   0.0   0.4   6.3  38.2   19:39     S
 2   8.0  12.2   02:20   3.0   22:45  10.3   0.0   1.6   2.7  27.8   01:55     W
 3   4.9  11.2   14:20   3.2   19:45  13.4   0.0  13.2   1.3  26.0   14:30     N
 4   2.0   3.2   00:00   1.5   08:25  16.3   0.0   0.0   0.4  14.0   01:30     N
 5   6.2   9.8   13:23   2.2   00:00  12.1   0.0   0.0   0.6  17.4   14:26     S
 6   6.5  10.1   12:33  -0.2   23:50  11.8   0.0   1.2   2.1  24.4   14:21    SW
 7   4.6   9.4   23:51  -1.9   07:22  13.7   0.0   1.6   3.9  29.6   19:01     S
 8   8.7  11.0   05:01   6.5   19:50   9.6   0.0  19.6   2.5  20.8   00:10    SW
 9  11.9  14.3   21:10   9.1   00:00   6.4   0.0   1.6   5.6  29.6   15:33    SW
10   9.3  13.3   11:33   3.1   23:55   9.0   0.0   0.8   6.2  38.2   13:31     W
11   5.8   8.4   23:58   2.5   01:55  12.5   0.0   0.0   3.3  22.6   11:40   WSW
12  10.1  11.7   14:51   8.3   02:35   8.2   0.0  12.4   6.4  34.8   12:52   SSW
13   7.7  11.1   00:00   3.9   23:48  10.6   0.0  10.6   3.2  29.6   00:09   SSW
14   5.5   9.2   20:35   2.7   02:08  12.8   0.0   3.8   6.5  48.6   23:25   SSW
15   7.8  10.6   02:59   5.5   20:56  10.5   0.0  32.4   7.6  55.6   01:42   SSW
16   3.8   5.9   14:30  -1.3   23:58  14.5   0.0   1.6   0.8  20.8   17:46    SW
17   1.0   6.4   14:11  -4.1   06:20  17.3   0.0   0.2   0.3  14.0   13:23   SSW
18   1.6   4.3   13:11  -2.0   23:56  16.7   0.0   2.0   0.8  14.0   14:44     N
19   0.9   3.6   12:26  -2.6   23:38  17.4   0.0   0.2   0.4  14.0   02:40     N
20   0.4   4.8   14:15  -3.9   05:08  17.9   0.0   0.0   1.0  20.8   22:17    SE
21   2.6   3.8   13:00   0.8   23:59  15.7   0.0   3.0   1.3  22.6   01:53    SE
22   0.6   5.6   13:42  -3.9   23:07  17.7   0.0   0.0   0.6  17.4   13:42   NNW
23   0.7   7.6   23:45  -5.3   02:54  17.6   0.0   2.2   1.4  22.6   21:13     S
24   4.2   8.3   02:26  -1.1   23:50  14.1   0.0   5.2   3.2  40.0   02:36   NNW
25   3.2   8.1   14:43  -2.6   06:11  15.1   0.0   0.0   0.5  12.2   12:06   WSW
26   7.6  10.2   11:21   2.8   23:55  10.7   0.0   0.2   2.0  24.4   14:06   NNW
27   5.7   8.8   14:28   2.3   00:46  12.6   0.0   0.0   0.9  15.6   11:17    NW
28   6.2   9.9   10:56   2.1   23:56  12.1   0.0   5.8   5.0  33.0   14:48   WSW
29   2.8   6.7   12:30   1.1   16:56  15.5   0.0   0.0   3.3  31.4   16:35     W
30   2.9   6.1   13:52  -0.1   23:16  15.4   0.0   2.0   2.0  26.0   08:43   NNW
31   2.0   4.4   15:31  -1.6   04:41  16.3   0.0   4.2   4.8  34.8   17:24     N
----------------------------------------------------------------------------------
     5.0  14.3     9    -5.3    23   413.8   0.0 125.8   2.8  55.6    15      SW

Max >=  27.0:  0
Max <=   0.0:  0
Min <=   0.0: 13
Min <= -18.0:  0
Max Rain: 32.4 on day 15
Days of Rain: 23 (>= 0.2 mm)  13 (>= 2.0 mm)  1 (>= 20.0 mm)
Heat Base: 18.3  Cool Base: 18.3  Method: Integration
 ☁ forecasts ☁ records ☁ monthly records ☁ climate data ☁ charts ☁ 
 ☁ Earth ☁ lightning ☁ radar ☁ satellite ☁ rivers ☁ forum ☁