NOAA-style Climate Reports

Select a Year or Month report
V/Λ2017 > Jan Feb Mar Apr May Jun Jul Aug Sep Oct Nov Dec
V/Λ2016 > Jan Feb Mar Apr May Jun Jul Aug Sep Oct Nov Dec
V/Λ2015 > Jan Feb Mar Apr May Jun Jul Aug Sep Oct Nov Dec
V/Λ2014 > Jan Feb Mar Apr May Jun Jul Aug Sep Oct Nov Dec

Report for 2015 Feb
                   Monthly Climatological Summary for Feb 2015

Name: Horley Weather Station   City: Horley, Surrey   State: United Kingdom
Elevation: 60 m  Lat: N 51° 10' 32"   Lon: W 000° 09' 41"

                  Temperature (°C), Rain (mm), Wind Speed (kts)

                                      Heat  Cool        Avg
    Mean                              Deg   Deg         Wind                 Dom
Day Temp  High   Time   Low    Time   Days  Days  Rain  Speed High   Time    Dir
----------------------------------------------------------------------------------
 1   3.0   5.6   12:17  -0.4   23:50  15.3   0.0   2.2   7.4  36.6   09:49     N
 2  -0.6   2.3   13:54  -2.9   07:32  18.9   0.0   0.0   0.7  14.0   12:43   NNW
 3   1.2   4.4   15:00  -2.6   00:00  17.1   0.0   0.2   3.5  26.0   14:27     N
 4   2.5   4.8   12:44   0.2   03:04  15.8   0.0   0.0   5.0  31.4   18:42     N
 5   2.0   4.8   14:40   0.6   20:58  16.3   0.0   2.2   4.2  22.6   13:17     N
 6   2.2   5.4   13:52   0.3   03:37  16.1   0.0   0.0   4.2  34.8   12:48     N
 7   3.1   6.0   11:54  -0.3   05:20  15.2   0.0   0.2   2.8  24.4   17:09     N
 8   4.3   9.2   14:34  -0.7   23:33  14.0   0.0   0.0   3.6  22.6   00:34     N
 9   3.9   8.4   14:38   0.1   00:00  14.4   0.0   0.0   1.5  24.4   01:23     N
10   3.8   6.6   12:39  -0.2   00:47  14.5   0.0   0.0   0.2  10.4   22:08    SE
11   4.6   5.4   13:06   3.6   22:50  13.7   0.0   0.0   0.4  12.2   04:23    SE
12   3.1   4.1   12:56   0.8   23:46  15.2   0.0   0.0   0.0   5.2   13:29   ---
13   6.3   8.3   11:36   0.7   00:54  12.0   0.0  16.8   4.8  31.4   13:45   SSE
14   5.9   8.1   11:31   2.6   07:15  12.4   0.0   4.0   0.4  22.6   00:01   SSE
15   5.7  10.4   13:45  -0.5   23:53  12.6   0.0   0.0   0.3  10.4   13:02     N
16   4.6   8.3   11:18  -0.9   00:36  13.7   0.0  11.0   1.8  20.8   10:18    NW
17   3.7   9.1   14:13  -0.7   23:51  14.6   0.0   0.0   2.2  17.4   14:15   NNW
18   3.4   8.9   11:36  -2.8   06:22  14.9   0.0   0.2   1.7  19.2   13:31   SSW
19   6.1   7.6   11:42   3.6   01:09  12.2   0.0  11.6   4.8  27.8   14:20     S
20   5.5   7.1   01:42   0.3   23:56  12.8   0.0   3.2   0.5  10.4   14:37    NW
21   2.6   6.7   14:18  -0.5   23:47  15.7   0.0   2.6   1.2  22.6   11:18   NNW
22   3.2   9.3   23:43  -3.7   07:40  15.1   0.0  10.6   5.3  36.6   16:51     S
23   5.9   9.3   00:00   3.5   20:23  12.4   0.0   0.0   3.5  26.0   10:47    SW
24   6.1  10.0   15:06   2.7   07:15  12.2   0.0   3.6   2.9  31.4   16:26     W
25   8.2  12.2   15:01   4.9   00:00  10.1   0.0   1.6   0.4  12.2   13:01   NNW
26   8.2  10.9   14:34   2.3   23:09  10.1   0.0   6.6   2.6  36.6   14:46    SW
27   4.4   9.9   14:34  -1.3   06:52  13.9   0.0   0.2   1.3  19.2   12:07   WNW
28   7.8  10.1   23:47   5.6   00:00  10.5   0.0   6.4   6.9  26.0   12:31     S
----------------------------------------------------------------------------------
     4.3  12.2    25    -3.7    22   391.7   0.0  83.2   2.6  36.6     1      NW

Max >=  27.0:  0
Max <=   0.0:  0
Min <=   0.0: 13
Min <= -18.0:  0
Max Rain: 16.8 on day 13
Days of Rain: 17 (>= 0.2 mm)  12 (>= 2.0 mm)  0 (>= 20.0 mm)
Heat Base: 18.3  Cool Base: 18.3  Method: Integration
 ☁ forecasts ☁ records ☁ monthly records ☁ climate data ☁ charts ☁ 
 ☁ Earth ☁ lightning ☁ radar ☁ satellite ☁ rivers ☁ forum ☁