NOAA-style Climate Reports

Select a Year or Month report
V/Λ2017 > Jan Feb Mar Apr May Jun Jul Aug Sep Oct Nov Dec
V/Λ2016 > Jan Feb Mar Apr May Jun Jul Aug Sep Oct Nov Dec
V/Λ2015 > Jan Feb Mar Apr May Jun Jul Aug Sep Oct Nov Dec
V/Λ2014 > Jan Feb Mar Apr May Jun Jul Aug Sep Oct Nov Dec

Report for 2015 Mar
                   Monthly Climatological Summary for Mar 2015

Name: Horley Weather Station   City: Horley, Surrey   State: United Kingdom
Elevation: 60 m  Lat: N 51° 10' 32"   Lon: W 000° 09' 41"

                  Temperature (°C), Rain (mm), Wind Speed (kts)

                                      Heat  Cool        Avg
    Mean                              Deg   Deg         Wind                 Dom
Day Temp  High   Time   Low    Time   Days  Days  Rain  Speed High   Time    Dir
----------------------------------------------------------------------------------
 1   8.2  11.6   13:36   4.2   23:35  10.1   0.0   3.6   4.8  33.0   15:34   WSW
 2   4.9   9.3   14:24   2.1   05:25  13.4   0.0   0.0   3.9  38.2   10:52   WNW
 3   5.3   9.8   14:53   0.9   03:40  13.0   0.0   3.0   2.5  27.8   15:01     W
 4   5.4   9.8   15:05   2.1   06:35  12.9   0.0   0.0   2.9  24.4   11:46   NNW
 5   5.3  12.2   14:55  -2.3   05:41  13.0   0.0   0.0   0.9  15.6   14:52     W
 6   7.3  11.4   14:32   2.9   05:28  11.0   0.0   0.0   2.2  22.6   14:10   SSW
 7   9.4  14.6   13:37   5.9   00:00   8.9   0.0   0.0   4.6  31.4   08:37     S
 8   9.3  13.2   13:13   4.6   23:59   9.0   0.0   0.0   2.2  17.4   02:58    SW
 9   6.4   9.3   12:49   0.7   04:21  11.9   0.0   0.0   2.6  20.8   13:29     S
10   7.5  12.9   13:40   3.0   22:15  10.8   0.0   0.2   1.1  17.4   09:59   NNW
11   7.3  14.1   14:17   1.7   02:11  11.0   0.0   0.0   1.9  24.4   13:06   SSE
12   8.5  13.7   13:09   3.3   06:19   9.8   0.0   0.0   2.3  27.8   10:25    SE
13   8.0  11.7   11:52   3.3   22:22  10.3   0.0   0.0   1.5  19.2   14:08     E
14   5.2   8.7   15:41   1.7   03:53  13.1   0.0   0.0   3.6  24.4   09:39     N
15   5.2   6.2   12:24   4.5   23:55  13.1   0.0   4.0   0.7  17.4   02:37     N
16   5.7   8.3   11:40   3.7   22:52  12.6   0.0   0.2   0.2  10.4   09:59    SE
17   7.4  12.9   13:00   3.6   23:47  10.9   0.0   0.2   0.4  17.4   12:36   NNW
18   6.4  11.8   13:29   1.3   05:25  11.9   0.0   0.0   3.0  24.4   20:41     N
19   6.6   7.7   16:38   5.7   00:00  11.7   0.0   0.0   4.7  26.0   15:18     N
20   6.0  11.6   15:46   3.6   22:04  12.3   0.0   0.0   1.3  20.8   01:26   NNW
21   6.9   8.7   13:23   3.9   00:00  11.4   0.0   0.0   5.2  29.6   14:34     N
22   5.2   9.1   13:53  -0.6   23:50  13.1   0.0   0.0   1.5  19.2   08:20     N
23   5.3  12.3   13:58  -2.4   02:38  13.0   0.0   0.0   1.1  15.6   09:59     W
24   6.2  10.2   11:59   1.4   23:45  12.1   0.0   4.0   1.5  17.4   02:37   NNW
25   4.7  10.7   15:46  -0.4   06:25  13.6   0.0   0.2   1.0  17.4   11:54   NNW
26   7.7  13.9   13:21   3.1   00:51  10.6   0.0   5.6   4.1  36.6   13:23   WNW
27   7.5  13.3   13:55   1.8   05:32  10.8   0.0   0.0   1.7  15.6   17:00   WSW
28  10.3  12.9   11:32   7.4   00:02   8.0   0.0   0.0   4.2  26.0   11:50   SSW
29  10.8  13.7   16:43   9.2   03:36   7.2   0.0   2.2   7.0  38.2   17:10   WSW
30   9.0  12.0   14:20   5.7   06:45   9.3   0.0   0.2   4.1  26.0   21:59   WSW
31  10.7  14.2   14:55   6.7   23:38   7.6   0.0   2.8   9.7  48.6   10:56    NW
----------------------------------------------------------------------------------
     7.1  14.6     7    -2.4    23   347.4   0.0  26.2   2.9  48.6    31     WNW

Max >=  27.0:  0
Max <=   0.0:  0
Min <=   0.0:  4
Min <= -18.0:  0
Max Rain: 5.6 on day 26
Days of Rain: 12 (>= 0.2 mm)  7 (>= 2.0 mm)  0 (>= 20.0 mm)
Heat Base: 18.3  Cool Base: 18.3  Method: Integration
 ☁ forecasts ☁ records ☁ monthly records ☁ climate data ☁ charts ☁ 
 ☁ Earth ☁ lightning ☁ radar ☁ satellite ☁ rivers ☁ forum ☁