NOAA-style Climate Reports

Select a Year or Month report
V/Λ2017 > Jan Feb Mar Apr May Jun Jul Aug Sep Oct Nov Dec
V/Λ2016 > Jan Feb Mar Apr May Jun Jul Aug Sep Oct Nov Dec
V/Λ2015 > Jan Feb Mar Apr May Jun Jul Aug Sep Oct Nov Dec
V/Λ2014 > Jan Feb Mar Apr May Jun Jul Aug Sep Oct Nov Dec

Report for 2015 Apr
                   Monthly Climatological Summary for Apr 2015

Name: Horley Weather Station   City: Horley, Surrey   State: United Kingdom
Elevation: 60 m  Lat: N 51° 10' 32"   Lon: W 000° 09' 41"

                  Temperature (°C), Rain (mm), Wind Speed (kts)

                                      Heat  Cool        Avg
    Mean                              Deg   Deg         Wind                 Dom
Day Temp  High   Time   Low    Time   Days  Days  Rain  Speed High   Time    Dir
----------------------------------------------------------------------------------
 1   7.6  11.3   14:29   3.9   06:34  10.7   0.0   0.8   5.2  29.6   10:09   WNW
 2   8.8  11.0   15:30   6.1   08:11   9.5   0.0   1.8   3.3  24.4   05:06    NW
 3   9.2  12.2   14:09   6.4   04:34   9.1   0.0   2.0   0.4  12.2   02:14   SSE
 4   8.2   9.3   14:11   5.9   23:58  10.1   0.0   0.2   2.7  29.6   11:28     N
 5   8.1  13.4   16:52   3.9   23:58  10.2   0.0   0.0   0.5  14.0   15:41     E
 6   8.3  17.4   14:14  -0.4   06:46  10.0   0.0   0.0   1.5  24.4   14:10     N
 7   9.6  18.3   17:12   1.1   06:31   8.7   0.0   0.0   0.9  10.4   13:49   WSW
 8  10.3  17.5   13:25   3.3   05:52   8.0   0.0   0.0   0.9  12.2   16:02   SSE
 9  10.3  18.7   16:16   2.2   06:23   8.0   0.0   0.0   0.8  12.2   14:49     E
10  11.6  21.2   15:20   3.4   05:29   7.0   0.3   0.0   1.3  15.6   12:49     S
11  10.6  14.6   14:45   5.4   23:57   7.7   0.0   1.0   3.6  27.8   10:05     W
12   9.4  17.1   15:43   0.6   06:15   8.9   0.0   0.0   3.7  27.8   16:42   SSW
13  11.2  16.4   16:07   7.5   23:41   7.1   0.0   0.0   1.3  14.0   18:03   SSW
14  12.9  22.3   14:59   2.4   06:26   6.2   0.8   0.0   1.9  20.8   16:41   SSW
15  15.5  25.6   16:04   4.6   06:30   5.1   2.2   0.0   1.1  14.0   13:00     W
16  11.8  18.8   13:32   7.8   03:24   6.5   0.0   0.2   0.7  15.6   15:00   ENE
17  10.5  15.1   15:00   6.6   23:54   7.8   0.0   0.0   1.8  24.4   09:21   ENE
18   9.2  14.8   13:23   3.9   06:07   9.1   0.0   0.0   1.8  20.8   15:59   ENE
19   7.9  12.8   16:22   4.4   06:01  10.4   0.0   0.0   2.1  19.2   09:14     N
20  10.1  19.6   14:40   0.4   05:52   8.3   0.1   0.0   1.0  17.4   16:05    NE
21  11.0  19.7   15:18   1.8   06:19   7.4   0.1   0.0   1.3  19.2   13:25    NE
22   9.9  15.8   15:47   2.9   06:37   8.4   0.0   0.0   1.6  19.2   08:41    NE
23  12.0  19.9   17:24   7.6   23:56   6.3   0.0   0.0   0.9  12.2   16:44    SE
24  10.3  16.4   15:43   2.6   04:53   8.0   0.0   0.0   2.4  24.4   15:50   SSW
25  12.9  18.0   15:51  10.5   04:54   5.4   0.0   4.8   3.0  24.4   15:00   SSW
26   9.5  11.3   00:53   4.7   23:24   8.8   0.0   1.0   2.0  17.4   16:27   NNW
27   8.0  14.1   13:27   1.8   05:56  10.2   0.0   0.0   1.1  15.6   19:22    NW
28   8.1  13.9   16:26   1.7   05:54  10.2   0.0   0.0   2.8  24.4   10:07     W
29   8.5  12.1   15:14   4.9   23:59   9.8   0.0   7.4   3.2  27.8   08:29     S
30   8.9  16.0   15:26   1.4   03:37   9.4   0.0   0.4   1.9  20.8   15:45   WSW
----------------------------------------------------------------------------------
    10.0  25.6    15    -0.4     6   252.3   3.5  19.6   1.9  29.6     1       W

Max >=  27.0:  0
Max <=   0.0:  0
Min <=   0.0:  1
Min <= -18.0:  0
Max Rain: 7.4 on day 29
Days of Rain: 10 (>= 0.2 mm)  3 (>= 2.0 mm)  0 (>= 20.0 mm)
Heat Base: 18.3  Cool Base: 18.3  Method: Integration
 ☁ forecasts ☁ records ☁ monthly records ☁ climate data ☁ charts ☁ 
 ☁ Earth ☁ lightning ☁ radar ☁ satellite ☁ rivers ☁ forum ☁