NOAA-style Climate Reports

Select a Year or Month report
V/Λ2017 > Jan Feb Mar Apr May Jun Jul Aug Sep Oct Nov Dec
V/Λ2016 > Jan Feb Mar Apr May Jun Jul Aug Sep Oct Nov Dec
V/Λ2015 > Jan Feb Mar Apr May Jun Jul Aug Sep Oct Nov Dec
V/Λ2014 > Jan Feb Mar Apr May Jun Jul Aug Sep Oct Nov Dec

Report for 2015 May
                   Monthly Climatological Summary for May 2015

Name: Horley Weather Station   City: Horley, Surrey   State: United Kingdom
Elevation: 60 m  Lat: N 51° 10' 32"   Lon: W 000° 09' 41"

                  Temperature (°C), Rain (mm), Wind Speed (kts)

                                      Heat  Cool        Avg
    Mean                              Deg   Deg         Wind                 Dom
Day Temp  High   Time   Low    Time   Days  Days  Rain  Speed High   Time    Dir
----------------------------------------------------------------------------------
 1   8.7  13.9   14:07   5.2   00:00   9.6   0.0   0.0   0.9  15.6   16:18   ENE
 2   9.9  15.1   14:18   5.4   00:19   8.4   0.0   1.4   1.3  15.6   14:54    SE
 3  13.4  17.4   14:04   9.5   00:00   4.9   0.0   7.2   4.5  29.6   17:32     S
 4  13.5  18.2   12:06  10.2   05:51   4.8   0.0   7.8   2.4  20.8   12:46   SSW
 5  13.7  15.7   15:26  11.4   23:13   4.6   0.0   4.2   8.7  47.0   16:26     S
 6  11.4  13.5   16:53   8.6   08:00   6.9   0.0   5.2   8.6  40.0   05:41   SSW
 7  12.2  17.1   13:24   8.4   06:12   6.1   0.0   0.0   3.2  24.4   14:38   SSW
 8  12.4  18.2   13:23   7.9   03:26   5.9   0.0   1.0   1.6  19.2   23:11   SSE
 9  13.7  19.0   16:15   8.8   23:42   4.6   0.0   0.6   4.0  24.4   09:04   WSW
10  13.6  18.1   17:11   7.8   00:58   4.7   0.0   0.0   3.0  20.8   14:05     S
11  14.8  20.9   13:22   9.3   05:20   3.9   0.4   0.0   2.7  19.2   16:15   SSW
12  13.0  18.8   16:47   7.8   05:15   5.3   0.0   0.0   2.3  22.6   13:07     W
13  12.4  20.8   16:46   2.7   05:51   6.2   0.3   0.0   1.2  15.6   15:00     S
14   8.9  10.2   11:08   7.0   04:42   9.4   0.0  16.0   0.7  15.6   23:49   NNE
15  10.8  14.7   17:49   7.4   05:36   7.5   0.0   0.4   2.3  17.4   02:23    NW
16  14.4  19.2   15:23   9.9   23:57   3.9   0.1   0.0   3.2  27.8   11:44   NNW
17  11.6  17.4   14:35   4.9   04:54   6.7   0.0   0.0   2.1  19.2   12:09    SW
18  11.3  15.9   16:44   8.1   23:53   7.0   0.0   2.4   4.8  29.6   10:38    SW
19   9.3  14.3   13:02   6.3   23:56   9.0   0.0   3.6   3.1  22.6   09:42   WSW
20   9.6  15.3   18:09   3.4   05:40   8.7   0.0   0.6   2.5  20.8   11:13   NNW
21  12.0  19.4   13:58   2.5   05:10   6.4   0.1   0.0   1.9  19.2   15:44   SSW
22  13.5  19.6   18:10   6.0   05:20   4.9   0.0   0.0   1.1  12.2   12:56   WSW
23  14.8  18.9   12:15  11.4   23:51   3.5   0.0   0.0   0.9  14.0   11:40     N
24  15.1  21.4   14:20  10.4   02:26   3.5   0.3   0.0   1.5  15.6   17:03    SW
25  13.7  17.3   13:10   9.1   05:53   4.6   0.0   0.0   3.4  24.4   10:29     N
26  14.0  19.8   15:25   7.9   04:19   4.5   0.2   0.0   2.7  22.6   16:34     N
27  13.1  20.6   15:28   6.1   04:50   5.4   0.2   0.0   2.6  20.8   17:15   SSW
28  13.9  17.9   15:19   9.4   23:56   4.4   0.0   0.0   3.3  26.0   08:25   WNW
29  10.6  14.8   17:22   5.8   23:57   7.7   0.0   6.6   2.4  27.8   11:17   SSW
30  11.3  17.4   15:08   4.6   01:16   7.0   0.0   0.0   3.0  20.8   16:45   SSW
31  12.7  16.1   16:15   8.3   23:54   5.6   0.0   6.0   3.7  22.6   08:02   SSW
----------------------------------------------------------------------------------
    12.4  21.4    24     2.5    21   185.6   1.6  63.0   2.9  47.0     5      SW

Max >=  27.0:  0
Max <=   0.0:  0
Min <=   0.0:  0
Min <= -18.0:  0
Max Rain: 16.0 on day 14
Days of Rain: 14 (>= 0.2 mm)  9 (>= 2.0 mm)  0 (>= 20.0 mm)
Heat Base: 18.3  Cool Base: 18.3  Method: Integration
 ☁ forecasts ☁ records ☁ monthly records ☁ climate data ☁ charts ☁ 
 ☁ Earth ☁ lightning ☁ radar ☁ satellite ☁ rivers ☁ forum ☁