NOAA-style Climate Reports

Select a Year or Month report
V/Λ2017 > Jan Feb Mar Apr May Jun Jul Aug Sep Oct Nov Dec
V/Λ2016 > Jan Feb Mar Apr May Jun Jul Aug Sep Oct Nov Dec
V/Λ2015 > Jan Feb Mar Apr May Jun Jul Aug Sep Oct Nov Dec
V/Λ2014 > Jan Feb Mar Apr May Jun Jul Aug Sep Oct Nov Dec

Report for 2015 Jun
                   Monthly Climatological Summary for Jun 2015

Name: Horley Weather Station   City: Horley, Surrey   State: United Kingdom
Elevation: 60 m  Lat: N 51° 10' 32"   Lon: W 000° 09' 41"

                  Temperature (°C), Rain (mm), Wind Speed (kts)

                                      Heat  Cool        Avg
    Mean                              Deg   Deg         Wind                 Dom
Day Temp  High   Time   Low    Time   Days  Days  Rain  Speed High   Time    Dir
----------------------------------------------------------------------------------
 1  11.2  15.4   12:52   6.7   05:02   7.1   0.0   0.8   4.7  29.6   15:15     S
 2  13.6  17.2   18:06  10.7   00:25   4.7   0.0   6.8   7.7  38.2   02:08     S
 3  14.6  20.3   16:51  10.4   06:18   3.8   0.2   0.8   2.3  17.4   08:42     W
 4  15.3  23.2   15:40   5.9   04:51   4.2   1.2   0.0   1.7  19.2   16:12   SSE
 5  17.7  23.7   10:10  11.3   23:53   2.3   1.7   2.6   2.3  20.8   20:46    SW
 6  13.5  19.3   14:37   6.6   05:18   4.9   0.1   0.0   2.8  24.4   13:36    SW
 7  13.8  21.3   19:04   5.3   04:56   4.9   0.5   0.0   1.8  19.2   13:46   NNW
 8  12.6  19.1   14:35   6.3   05:00   5.7   0.0   0.0   1.4  19.2   16:22     N
 9  11.5  15.9   14:49   6.9   03:57   6.8   0.0   0.0   3.6  31.4   10:02     N
10  13.3  18.6   16:05   8.4   04:01   5.0   0.0   0.0   2.7  22.6   12:44   NNE
11  17.4  25.0   15:19  10.1   01:56   2.8   2.0   0.0   1.2  19.2   12:04   ENE
12  18.7  25.1   14:11  13.3   02:57   1.6   1.9   5.8   0.8  12.2   11:06   NNW
13  16.2  21.1   15:43  12.8   23:51   2.5   0.4   0.0   3.1  20.8   16:20   SSW
14  14.1  18.3   15:26  11.8   03:44   4.2   0.0   0.0   2.2  17.4   17:08     N
15  14.5  19.6   12:57   9.2   23:54   4.0   0.2   0.0   1.5  15.6   06:25     N
16  15.0  22.8   16:24   6.3   04:02   4.4   1.1   0.0   1.6  17.4   17:06   SSW
17  17.6  24.5   17:31  10.2   03:58   2.4   1.8   0.0   2.6  20.8   16:54     W
18  18.0  22.6   16:19  14.5   23:58   1.2   0.9   0.2   4.0  20.8   09:28     N
19  16.3  22.2   18:05   9.7   05:18   2.8   0.8   0.0   3.1  20.8   09:06     N
20  16.2  19.5   18:33  12.1   04:47   2.2   0.1   0.2   1.3  17.4   00:13   SSW
21  16.8  21.0   16:57  14.1   05:57   2.0   0.5   0.0   3.3  19.2   12:08   WNW
22  13.8  17.8   16:38  11.4   04:13   4.5   0.0  11.4   2.8  26.0   19:32   NNW
23  15.6  21.1   19:03  12.1   05:20   3.0   0.3   0.0   3.4  20.8   00:25     N
24  16.6  22.6   16:39   9.3   04:51   2.8   1.1   0.0   2.5  20.8   14:14     S
25  17.5  24.6   13:38   9.1   04:51   2.7   2.0   0.0   1.8  19.2   16:57   SSW
26  17.8  25.3   13:09  10.8   04:38   2.2   1.7   0.0   2.4  27.8   13:11   SSW
27  18.2  24.7   15:42  12.1   05:27   2.0   1.8   0.0   2.3  20.8   13:56    NW
28  17.7  21.2   11:45  14.2   04:38   1.3   0.7   0.0   2.0  17.4   10:04   SSW
29  18.7  24.8   16:29  12.3   05:40   1.8   2.2   0.0   1.7  14.0   15:13   SSW
30  20.8  29.7   17:44  10.0   05:00   2.2   4.7   0.0   1.9  19.2   11:21    SE
----------------------------------------------------------------------------------
    15.8  29.7    30     5.3     7   102.0  27.9  28.6   2.5  38.2     2     WSW

Max >=  27.0:  1
Max <=   0.0:  0
Min <=   0.0:  0
Min <= -18.0:  0
Max Rain: 11.4 on day 22
Days of Rain: 8 (>= 0.2 mm)  4 (>= 2.0 mm)  0 (>= 20.0 mm)
Heat Base: 18.3  Cool Base: 18.3  Method: Integration
 ☁ forecasts ☁ records ☁ monthly records ☁ climate data ☁ charts ☁ 
 ☁ Earth ☁ lightning ☁ radar ☁ satellite ☁ rivers ☁ forum ☁