NOAA-style Climate Reports

Select a Year or Month report
V/Λ2017 > Jan Feb Mar Apr May Jun Jul Aug Sep Oct Nov Dec
V/Λ2016 > Jan Feb Mar Apr May Jun Jul Aug Sep Oct Nov Dec
V/Λ2015 > Jan Feb Mar Apr May Jun Jul Aug Sep Oct Nov Dec
V/Λ2014 > Jan Feb Mar Apr May Jun Jul Aug Sep Oct Nov Dec

Report for 2015 Jul
                   Monthly Climatological Summary for Jul 2015

Name: Horley Weather Station   City: Horley, Surrey   State: United Kingdom
Elevation: 60 m  Lat: N 51° 10' 32"   Lon: W 000° 09' 41"

                  Temperature (°C), Rain (mm), Wind Speed (kts)

                                      Heat  Cool        Avg
    Mean                              Deg   Deg         Wind                 Dom
Day Temp  High   Time   Low    Time   Days  Days  Rain  Speed High   Time    Dir
----------------------------------------------------------------------------------
 1  25.9  34.2   16:21  17.7   05:18   0.0   7.7   0.2   2.3  20.8   16:35   SSE
 2  19.7  25.1   15:31  15.3   23:58   0.6   1.9   0.2   1.2  19.2   18:22   SSW
 3  19.5  27.8   14:02  10.9   05:23   1.8   3.1   1.2   1.0  15.6   13:38     E
 4  20.4  25.3   12:52  14.4   23:53   0.5   2.6   0.2   2.7  22.6   16:58   SSW
 5  16.4  22.4   16:07  11.7   04:02   2.7   0.8   4.2   1.6  20.8   15:59   SSW
 6  17.3  22.7   16:11  10.6   05:21   2.3   1.4   0.0   2.7  24.4   15:20     S
 7  17.1  23.3   14:20  12.0   05:10   2.1   0.9   0.6   3.0  27.8   13:06   SSW
 8  17.0  21.3   16:18  13.6   00:02   1.8   0.5   0.4   4.2  29.6   17:40   WNW
 9  16.3  23.6   17:51   9.6   04:54   3.0   1.0   0.0   2.6  20.8   12:24   NNW
10  18.3  25.5   16:14   9.7   05:05   2.3   2.4   0.0   2.1  19.2   13:58   SSE
11  19.3  25.4   16:03  12.4   05:34   1.3   2.4   0.0   2.7  20.8   16:21   WNW
12  16.9  19.1   10:23  14.7   03:57   1.5   0.0   0.8   2.3  19.2   12:14   SSW
13  17.5  19.8   15:59  16.3   02:50   1.0   0.2   0.4   2.5  20.8   16:05   SSW
14  18.8  23.2   16:11  16.1   05:09   0.7   1.1   0.6   1.6  14.0   01:29   WSW
15  19.6  22.9   14:39  17.0   01:05   0.4   1.7   0.6   1.6  19.2   12:42   NNW
16  19.2  24.8   17:01  13.8   03:20   1.0   1.9   0.2   0.9  15.6   08:35    SE
17  18.8  23.6   15:12  14.6   03:33   1.0   1.5   0.0   3.4  24.4   13:59     S
18  16.6  23.6   14:33  10.7   05:12   2.7   1.1   0.0   1.7  17.4   11:28    SW
19  18.7  25.3   17:04  14.0   07:02   1.6   2.0   0.6   2.4  19.2   11:05   SSW
20  18.0  21.3   14:33  14.2   01:25   1.1   0.8   0.8   2.8  20.8   17:04     S
21  18.6  24.5   15:21  12.9   05:35   1.5   1.9   0.2   4.4  22.6   16:26     S
22  16.9  22.9   14:27  12.9   23:46   2.0   0.6   0.0   1.9  17.4   14:20   SSW
23  16.1  22.2   16:38   9.1   05:44   3.0   0.8   0.0   1.2  14.0   15:52    SW
24  14.2  16.4   09:19  12.9   22:49   4.1   0.0  23.0   0.6  15.6   22:10   NNW
25  15.5  21.6   16:02  11.1   03:56   3.2   0.4   2.2   4.7  27.8   10:15   NNW
26  13.5  16.8   18:47   9.7   05:18   4.8   0.0  11.6   2.2  20.8   14:45   SSE
27  17.1  21.4   13:28  14.9   23:52   1.5   0.3   0.2   4.7  29.6   15:00    SW
28  16.1  20.1   18:00  12.0   23:59   2.4   0.2   0.0   4.2  27.8   16:31     W
29  13.8  18.9   14:09   7.6   05:21   4.5   0.0   0.0   1.9  20.8   10:49    NW
30  14.7  19.9   15:21   8.9   05:30   3.8   0.2   0.0   2.5  24.4   10:17     N
31  15.0  22.7   16:09   6.6   05:31   4.3   1.0   0.0   1.4  17.4   13:08   SSE
----------------------------------------------------------------------------------
    17.5  34.2     1     6.6    31    64.5  40.4  48.2   2.5  29.6     8      SW

Max >=  27.0:  2
Max <=   0.0:  0
Min <=   0.0:  0
Min <= -18.0:  0
Max Rain: 23.0 on day 24
Days of Rain: 19 (>= 0.2 mm)  4 (>= 2.0 mm)  1 (>= 20.0 mm)
Heat Base: 18.3  Cool Base: 18.3  Method: Integration
 ☁ forecasts ☁ records ☁ monthly records ☁ climate data ☁ charts ☁ 
 ☁ Earth ☁ lightning ☁ radar ☁ satellite ☁ rivers ☁ forum ☁