NOAA-style Climate Reports

Select a Year or Month report
V/Λ2017 > Jan Feb Mar Apr May Jun Jul Aug Sep Oct Nov Dec
V/Λ2016 > Jan Feb Mar Apr May Jun Jul Aug Sep Oct Nov Dec
V/Λ2015 > Jan Feb Mar Apr May Jun Jul Aug Sep Oct Nov Dec
V/Λ2014 > Jan Feb Mar Apr May Jun Jul Aug Sep Oct Nov Dec

Report for 2015 Aug
                   Monthly Climatological Summary for Aug 2015

Name: Horley Weather Station   City: Horley, Surrey   State: United Kingdom
Elevation: 60 m  Lat: N 51° 10' 32"   Lon: W 000° 09' 41"

                  Temperature (°C), Rain (mm), Wind Speed (kts)

                                      Heat  Cool        Avg
    Mean                              Deg   Deg         Wind                 Dom
Day Temp  High   Time   Low    Time   Days  Days  Rain  Speed High   Time    Dir
----------------------------------------------------------------------------------
 1  15.2  22.6   14:30   6.3   05:19   4.2   1.1   0.0   1.4  19.2   14:06    SW
 2  17.9  25.7   17:20   8.7   05:37   2.7   2.4   0.0   1.8  20.8   15:58   SSE
 3  17.9  23.7   11:40  13.6   03:24   1.3   0.9   1.0   3.3  22.6   11:53     S
 4  16.7  20.9   15:04  12.3   06:13   2.1   0.5   0.0   3.4  29.6   17:28     S
 5  17.2  20.9   10:13  14.3   06:07   1.7   0.6   0.2   1.6  15.6   11:33   SSE
 6  17.7  22.6   15:46  13.0   01:46   1.4   0.8   0.0   2.7  22.6   14:51     S
 7  17.5  25.4   16:00   8.5   05:54   3.0   2.2   0.0   1.0  17.4   14:55   WNW
 8  19.2  27.2   17:15  11.8   05:47   2.0   2.8   0.0   1.4  15.6   14:22     S
 9  18.5  26.7   13:35   9.8   05:59   2.5   2.7   0.0   1.9  19.2   13:47   SSW
10  18.8  23.4   12:40  16.3   23:50   0.5   1.0   0.0   2.2  19.2   14:06   SSW
11  16.7  20.9   14:37  13.5   07:14   2.0   0.4   4.2   0.2   7.0   15:55   NNW
12  17.9  22.4   13:53  14.9   05:25   1.4   1.0   1.6   0.7  19.2   15:16    NE
13  18.5  22.1   16:53  16.2   00:00   0.5   0.7  25.8   0.5  15.6   06:24     N
14  18.0  20.1   15:26  15.3   23:43   0.7   0.4   7.4   2.3  17.4   08:11     S
15  16.3  20.8   13:58  11.8   23:57   2.4   0.4   0.2   2.0  15.6   09:12     N
16  14.5  20.8   10:48   8.9   02:59   4.0   0.2   0.0   0.4  10.4   10:52     N
17  16.7  22.1   15:02  10.4   05:51   2.5   0.9   0.0   1.6  17.4   11:40     N
18  16.0  18.4   16:46  13.9   06:27   2.3   0.0   0.0   0.5  12.2   19:04   WSW
19  16.1  20.7   13:32  12.9   04:36   2.5   0.3  12.4   1.7  19.2   13:42     S
20  17.9  20.5   14:52  14.9   00:06   0.9   0.5   1.4   2.0  15.6   19:53     S
21  20.8  25.6   14:50  15.7   23:58   0.2   2.7   0.0   3.0  20.8   10:44     S
22  21.3  29.4   16:31  12.5   06:16   1.5   4.5   0.0   1.7  22.6   14:46    SE
23  17.8  20.6   10:04  12.0   23:58   1.1   0.6   1.8   1.5  17.4   13:01     S
24  14.2  17.5   12:23  11.8   00:44   4.1   0.0  42.4   1.0  20.8   20:19   NNW
----------------------------------------------------------------------------------
    17.5  29.4    22     6.3     1    47.5  27.6  98.4   1.7  29.6     4       S

Max >=  27.0:  2
Max <=   0.0:  0
Min <=   0.0:  0
Min <= -18.0:  0
Max Rain: 42.4 on day 24
Days of Rain: 11 (>= 0.2 mm)  5 (>= 2.0 mm)  2 (>= 20.0 mm)
Heat Base: 18.3  Cool Base: 18.3  Method: Integration
 ☁ forecasts ☁ records ☁ monthly records ☁ climate data ☁ charts ☁ 
 ☁ Earth ☁ lightning ☁ radar ☁ satellite ☁ rivers ☁ forum ☁