NOAA-style Climate Reports

Select a Year or Month report
V/Λ2017 > Jan Feb Mar Apr May Jun Jul Aug Sep Oct Nov Dec
V/Λ2016 > Jan Feb Mar Apr May Jun Jul Aug Sep Oct Nov Dec
V/Λ2015 > Jan Feb Mar Apr May Jun Jul Aug Sep Oct Nov Dec
V/Λ2014 > Jan Feb Mar Apr May Jun Jul Aug Sep Oct Nov Dec

Report for 2015 Sep
                   Monthly Climatological Summary for Sep 2015

Name: Horley Weather Station   City: Horley, Surrey   State: United Kingdom
Elevation: 60 m  Lat: N 51° 10' 32"   Lon: W 000° 09' 41"

                  Temperature (°C), Rain (mm), Wind Speed (kts)

                                      Heat  Cool        Avg
    Mean                              Deg   Deg         Wind                 Dom
Day Temp  High   Time   Low    Time   Days  Days  Rain  Speed High   Time    Dir
----------------------------------------------------------------------------------
11  14.3  17.8   17:11  10.7   06:23   3.4   0.0   8.2   0.1  26.0   12:31     S
12  16.5  20.7   14:08  11.4   23:55   2.2   0.4   0.4   2.5  19.1   10:07   SSE
13  12.2  17.4   13:53   8.2   06:50   6.0   0.0   0.0   0.4  12.2   14:12    SE
14  13.5  18.1   12:27  10.6   00:16   4.8   0.0  11.2   3.4  27.8   13:28     S
15  13.1  18.5   14:21  10.3   02:10   5.2   0.0   1.6   3.3  24.4   16:37     S
16  12.8  14.1   09:48  10.3   00:41   5.5   0.0  18.2   0.5  12.2   10:05     N
17  13.8  18.8   16:06   9.3   07:16   4.5   0.0   0.6   2.3  15.6   02:17   WNW
18  14.0  19.1   14:15   9.9   05:30   4.3   0.0   0.2   0.9  19.2   14:29   NNW
19  13.9  19.8   16:17   8.9   23:57   4.5   0.1   0.0   0.9  12.2   11:13   NNW
20  13.1  20.2   14:21   7.4   07:07   5.3   0.2   0.2   1.2  14.0   16:51   SSW
21  12.8  15.4   11:15   9.6   23:53   5.5   0.0   6.6   0.8  19.2   14:36     S
22  10.7  13.7   16:22   8.4   21:57   7.6   0.0  16.2   1.8  19.2   14:38   NNW
23  12.8  17.3   13:47   7.3   07:00   5.5   0.0   0.2   1.8  19.2   11:40     W
24  14.6  19.1   15:20   9.0   23:46   3.7   0.0   4.0   1.8  19.2   13:11   SSW
25  11.2  17.9   15:50   5.8   05:58   7.0   0.0   0.0   0.9  14.0   10:41     N
26  10.2  18.8   15:34   3.3   07:06   8.1   0.0   0.2   0.4  14.0   12:05   NNW
27  12.0  19.8   13:37   5.9   04:54   6.4   0.1   0.0   0.3  14.0   12:52   ENE
28  12.1  19.3   14:39   4.9   06:47   6.3   0.1   0.0   0.4  15.6   12:29   ESE
29  13.0  19.5   13:38   6.1   07:10   5.4   0.1   0.2   0.7  20.8   13:36   ENE
30  12.8  18.9   13:39   7.5   07:14   5.5   0.0   0.0   0.9  24.4   17:36   ENE
----------------------------------------------------------------------------------
    13.0  20.7    12     3.3    26   106.7   1.0  68.0   1.4  27.8    14     SSW

Max >=  27.0:  0
Max <=   0.0:  0
Min <=   0.0:  0
Min <= -18.0:  0
Max Rain: 18.2 on day 16
Days of Rain: 14 (>= 0.2 mm)  6 (>= 2.0 mm)  0 (>= 20.0 mm)
Heat Base: 18.3  Cool Base: 18.3  Method: Integration
 ☁ forecasts ☁ records ☁ monthly records ☁ climate data ☁ charts ☁ 
 ☁ Earth ☁ lightning ☁ radar ☁ satellite ☁ rivers ☁ forum ☁