NOAA-style Climate Reports

Select a Year or Month report
V/Λ2017 > Jan Feb Mar Apr May Jun Jul Aug Sep Oct Nov Dec
V/Λ2016 > Jan Feb Mar Apr May Jun Jul Aug Sep Oct Nov Dec
V/Λ2015 > Jan Feb Mar Apr May Jun Jul Aug Sep Oct Nov Dec
V/Λ2014 > Jan Feb Mar Apr May Jun Jul Aug Sep Oct Nov Dec

Report for 2015 Oct
                   Monthly Climatological Summary for Oct 2015

Name: Horley Weather Station   City: Horley, Surrey   State: United Kingdom
Elevation: 60 m  Lat: N 51° 10' 32"   Lon: W 000° 09' 41"

                  Temperature (°C), Rain (mm), Wind Speed (kts)

                                      Heat  Cool        Avg
    Mean                              Deg   Deg         Wind                 Dom
Day Temp  High   Time   Low    Time   Days  Days  Rain  Speed High   Time    Dir
----------------------------------------------------------------------------------
 1  12.4  18.1   13:12   6.7   03:53   5.9   0.0   0.2   0.9  22.6   14:11    NE
 2  11.3  19.3   14:21   3.9   07:17   7.1   0.1   0.0   0.2  14.0   12:13   NNE
 3   9.6  16.8   16:22   4.1   06:42   8.7   0.0   0.2   0.2   8.6   10:18   NNW
 4  10.7  17.8   13:52   4.3   07:20   7.6   0.0   0.0   0.6  14.0   13:52    SE
 5  15.1  16.6   13:51  11.9   00:12   3.2   0.0  16.4   2.6  24.4   12:16    SE
 6  15.9  18.3   14:52  13.8   23:59   2.4   0.0  12.4   1.7  22.6   13:20   SSE
 7  13.3  14.2   03:37  10.0   23:38   5.0   0.0   0.6   0.9  15.6   21:42   WNW
 8  10.5  17.9   16:23   4.2   07:33   7.8   0.0   0.2   0.4  12.2   14:50    NW
 9   9.5  18.3   13:41   3.1   07:04   8.8   0.0   0.0   0.2  10.4   12:57   SSE
10  10.5  16.7   15:12   4.4   06:30   7.8   0.0   0.2   0.0  10.4   13:42     N
11  11.6  16.1   13:14   8.8   07:46   6.7   0.0   0.0   0.6  17.4   11:53     N
12   9.7  13.4   16:16   6.8   08:10   8.6   0.0   0.0   1.9  20.8   17:07   NNW
13   9.5  12.7   14:14   5.5   23:59   8.8   0.0   0.0   3.7  24.4   09:56   NNW
14   8.6  13.3   14:40   3.8   07:10   9.7   0.0   1.0   3.2  29.6   12:14     N
15   9.9  12.2   14:55   8.7   06:23   8.4   0.0   2.0   2.1  15.6   09:57   NNW
16  11.4  12.6   16:13  10.2   07:55   6.9   0.0   0.2   4.9  26.0   11:41     N
17  11.5  12.9   14:59  10.3   06:45   6.8   0.0   0.0   4.3  26.0   11:27     N
18  12.5  15.4   15:20  10.9   05:11   5.8   0.0   0.0   1.2  14.0   19:16   NNW
19  12.3  14.8   14:24   9.2   23:55   6.0   0.0   0.0   1.2  12.2   10:14   NNW
20   9.3  15.3   14:35   5.2   04:58   9.0   0.0   0.0   0.8  15.6   14:01     N
21  10.8  13.8   21:35   5.8   00:44   7.5   0.0  11.2   0.6  15.6   09:59     S
22  12.6  14.4   11:28  10.0   23:57   5.7   0.0   0.2   1.2  15.6   11:41    NW
23  11.4  14.0   13:21   9.1   07:47   6.9   0.0   0.0   0.1   8.6   18:28     S
24  11.9  14.8   12:47   7.3   23:56   6.4   0.0   4.2   1.8  26.0   19:09   SSW
25   6.5  12.7   14:26   1.9   06:31  12.3   0.0   0.2   0.0   7.0   00:55   NNW
26  10.2  14.6   13:47   4.7   04:09   8.1   0.0   0.2   1.2  19.2   12:33    SE
27  13.7  18.8   13:01   9.6   01:31   4.6   0.0   0.0   0.7  17.4   12:41    SE
28  12.1  16.7   14:08   8.1   21:24   6.2   0.0   9.8   0.5  12.2   15:17     S
29  12.7  14.3   11:59   8.4   00:43   5.6   0.0   6.4   2.3  22.6   09:05     S
30  13.6  16.3   13:08  10.4   23:54   4.7   0.0   8.0   1.4  20.8   11:26    SE
31  11.8  16.8   13:11   7.2   23:58   6.5   0.0   0.0   0.1  12.2   13:17     S
----------------------------------------------------------------------------------
    11.4  19.3     2     1.9    25   215.5   0.1  73.6   1.2  29.6    14       N

Max >=  27.0:  0
Max <=   0.0:  0
Min <=   0.0:  0
Min <= -18.0:  0
Max Rain: 16.4 on day 5
Days of Rain: 18 (>= 0.2 mm)  8 (>= 2.0 mm)  0 (>= 20.0 mm)
Heat Base: 18.3  Cool Base: 18.3  Method: Integration
 ☁ forecasts ☁ records ☁ monthly records ☁ climate data ☁ charts ☁ 
 ☁ Earth ☁ lightning ☁ radar ☁ satellite ☁ rivers ☁ forum ☁