NOAA-style Climate Reports

Select a Year or Month report
V/Λ2017 > Jan Feb Mar Apr May Jun Jul Aug Sep Oct Nov Dec
V/Λ2016 > Jan Feb Mar Apr May Jun Jul Aug Sep Oct Nov Dec
V/Λ2015 > Jan Feb Mar Apr May Jun Jul Aug Sep Oct Nov Dec
V/Λ2014 > Jan Feb Mar Apr May Jun Jul Aug Sep Oct Nov Dec

Report for 2015 Dec
                   Monthly Climatological Summary for Dec 2015

Name: Horley Weather Station   City: Horley, Surrey   State: United Kingdom
Elevation: 60 m  Lat: N 51° 10' 32"   Lon: W 000° 09' 41"

                  Temperature (°C), Rain (mm), Wind Speed (kts)

                                      Heat  Cool        Avg
    Mean                              Deg   Deg         Wind                 Dom
Day Temp  High   Time   Low    Time   Days  Days  Rain  Speed High   Time    Dir
----------------------------------------------------------------------------------
 1  12.9  14.1   13:15  12.1   23:24   5.4   0.0   0.4   2.9  24.4   13:15    SW
 2  12.0  12.4   12:02  11.4   07:50   6.3   0.0   0.6   4.1  22.6   15:32     S
 3  12.1  12.9   23:57  11.2   21:52   6.2   0.0   4.2   6.2  29.6   19:29     S
 4   9.8  13.1   00:22   4.9   07:11   8.5   0.0   3.0   3.7  27.8   01:37   SSW
 5  11.7  12.4   18:00  11.3   05:46   6.6   0.0   0.0   8.6  36.6   10:30     S
 6  12.5  13.8   10:57  12.0   05:19   5.7   0.0   1.8   5.7  31.4   04:45     S
 7  12.1  13.2   02:04  10.3   17:43   6.2   0.0   0.6   2.7  17.4   02:44     S
 8  10.9  13.3   10:42   5.9   23:43   7.4   0.0   8.0   3.7  20.8   03:05   SSW
 9   7.6  12.1   13:27   1.6   07:59  10.7   0.0   0.2   2.7  24.4   21:34     S
10  10.6  11.4   17:20   9.8   23:52   7.7   0.0   9.8   5.4  34.8   04:02     S
11   9.1  11.4   13:54   4.2   23:29   9.2   0.0   0.6   1.7  17.4   15:30   WSW
12   9.7  12.7   20:21   4.7   00:00   8.6   0.0   0.2   4.2  31.4   15:15   SSW
13   9.3  12.4   00:00   6.8   07:42   9.0   0.0   0.6   0.6  17.4   00:10    SW
14   8.8  10.4   12:43   7.6   00:00   9.5   0.0   2.4   1.5  15.6   03:07    SE
15  11.2  13.1   23:46   9.3   00:00   7.1   0.0  10.0   1.2  14.0   10:26    SE
16  13.4  14.7   12:12  12.5   06:59   4.9   0.0   1.0   2.9  19.2   04:39   SSW
17  12.7  14.9   12:11  10.4   07:05   5.6   0.0   1.4   2.6  20.8   10:14     S
18  12.2  13.5   12:20  10.3   00:59   6.1   0.0   0.0   2.5  19.2   15:43     S
19  14.3  15.5   11:50  12.9   00:00   4.0   0.0   0.2   7.0  31.4   11:59     S
20  11.9  14.2   02:33   8.3   23:55   6.4   0.0  11.8   4.6  27.8   00:03     S
21   9.7  12.6   16:39   7.1   05:18   8.6   0.0   7.2   3.5  38.2   13:28     S
22  13.1  14.1   10:43  10.3   23:43   5.3   0.0  11.4   8.9  41.8   11:25     S
23  10.3  12.1   13:30   7.8   08:19   8.0   0.0   0.2   4.1  33.0   22:31   SSW
24   9.6  12.8   10:19   4.6   22:12   8.7   0.0   3.4   6.3  36.6   06:11     S
25  10.1  14.1   19:40   3.7   01:36   8.2   0.0   2.6   4.5  34.8   20:16     S
26  13.7  14.3   13:29  13.2   18:53   4.6   0.0   0.2   7.6  40.0   05:06     S
27  13.0  13.6   02:33  10.2   23:57   5.3   0.0   0.4   4.9  27.8   04:48     S
28  10.4  12.6   12:11   7.5   07:01   7.9   0.0   0.8   2.2  24.4   23:26    SE
29  10.5  11.8   05:16   9.1   07:56   7.8   0.0   3.6   3.9  26.0   22:36     S
30  11.6  12.7   15:06   9.1   23:56   6.7   0.0  14.8   9.7  40.0   05:56     S
31   8.4  11.5   13:31   3.6   23:59   9.9   0.0   5.4   4.6  36.6   15:45     S
----------------------------------------------------------------------------------
    11.1  15.5    19     1.6     9   222.1   0.0 106.8   4.4  41.8    22       S

Max >=  27.0:  0
Max <=   0.0:  0
Min <=   0.0:  0
Min <= -18.0:  0
Max Rain: 14.8 on day 30
Days of Rain: 29 (>= 0.2 mm)  14 (>= 2.0 mm)  0 (>= 20.0 mm)
Heat Base: 18.3  Cool Base: 18.3  Method: Integration
 ☁ forecasts ☁ records ☁ monthly records ☁ climate data ☁ charts ☁ 
 ☁ Earth ☁ lightning ☁ radar ☁ satellite ☁ rivers ☁ forum ☁