NOAA-style Climate Reports

Select a Year or Month report
V/Λ2017 > Jan Feb Mar Apr May Jun Jul Aug Sep Oct Nov Dec
V/Λ2016 > Jan Feb Mar Apr May Jun Jul Aug Sep Oct Nov Dec
V/Λ2015 > Jan Feb Mar Apr May Jun Jul Aug Sep Oct Nov Dec
V/Λ2014 > Jan Feb Mar Apr May Jun Jul Aug Sep Oct Nov Dec

Report for 2016
                   Annual Climatological Summary for 2016

Name: Horley Weather Station   City: Horley, Surrey   State: United Kingdom
Elevation: 60 m  Lat: N 51 10 32   Lon: W 000 09 41

                  Temperature (°C), Heat Base: 18.3  Cool Base: 18.3
                          Dep.  Heat  Cool                       Max  Max  Min  Min
        Mean  Mean        From  Deg   Deg                        >=   <=   <=   <=
 YR MO  Max   Min   Mean  Norm  Days  Days  Hi  Date  Low  Date 27.0  0.0  0.0 -18.0
------------------------------------------------------------------------------------
 16  1   8.8   2.4   5.8   1.5   378     0  13.4  31  -6.7   20    0    0    7    0
 16  2   9.1   1.9   5.6   1.1   370     0  13.6   4  -4.4   25    0    0   11    0
 16  3  10.7   2.3   6.3  -0.5   370     0  15.9  25  -3.8    8    0    0    9    0
 16  4  13.6   3.3   8.4  -0.3   298     0  18.9  13  -1.4    1    0    0    6    0
 16  5  19.2   8.5  13.7   1.6   155    13  26.7   8  -0.7    1    0    0    1    0
 16  6  20.5  12.0  15.8   0.8    91    17  25.7   8   9.0    3    0    0    0    0
 16  7  23.5  13.4  18.2   0.9    53    48  32.7  19   9.2    6    4    0    0    0
 16  8  24.1  13.1  18.3   1.3    54    56  32.6  24   8.4   15    6    0    0    0
 16  9  21.6  12.3  16.9   2.6    71    28  30.8  13   6.9   23    4    0    0    0
 16 10  15.6   7.3  10.9   0.0   224     0  20.2  31   0.7   22    0    0    0    0
 16 11  10.3   2.2   6.3  -0.9   360     0  15.8  15  -6.4   29    0    0    7    0
 16 12   9.5   2.5   6.2   1.5   376     0  13.9   9  -4.1   28    0    0    9    0
------------------------------------------------------------------------------------
        15.6   6.8  11.0   0.8  2799   162  32.7 Jul  -6.7  Jan   14    0   50    0

                                Precipitation (mm)

              Dep.   Max        Days of Rain
              From   Obs.           >=
 YR MO Total  Norm   Day Date  0.2  2.0 20.0
---------------------------------------------
 16  1 163.6  84.7  19.4   3    24   18    0
 16  2  53.4  -4.6  12.4   7    16    8    0
 16  3 113.2  49.0  27.2   9    17   11    1
 16  4  51.0  -9.2  15.0  15    19   11    0
 16  5  69.4  14.0  25.2  11    13    6    1
 16  6 138.8  94.5  39.4  23    23   18    1
 16  7  21.8 -31.2  10.4  12    10    3    0
 16  8  47.2 -11.5  18.6   2    10    4    0
 16  9  38.6 -29.9  13.4  16    13    7    0
 16 10  51.2 -42.8  18.8  15    16    4    0
 16 11 127.8  37.5  43.8  19    19   10    2
 16 12  18.2 -74.9   5.4  23    20    2    0
---------------------------------------------
       894.2  75.6  43.8  Nov  200  102    5

                                Wind Speed (kts)
                          Dom
 YR MO   Avg.  Hi   Date  Dir
------------------------------
 16  1   2.6  45.2    7   SSW
 16  2   3.0  50.4    7    SW
 16  3   2.7  62.6   28   WSW
 16  4   2.0  33.0    6   WNW
 16  5   2.7  40.0   31     N
 16  6   2.1  33.0    1   WNW
 16  7   2.0  29.5   11   SSW
 16  8   1.7  43.4   20   SSW
 16  9   1.4  34.8   16     S
 16 10   0.6  26.1   15     N
 16 11   1.3  38.2    6     N
 16 12   0.6  34.8   23     S
------------------------------
         1.9  62.6  Mar   WSW
 ☁ forecasts ☁ records ☁ monthly records ☁ climate data ☁ charts ☁ 
 ☁ Earth ☁ lightning ☁ radar ☁ satellite ☁ rivers ☁ forum ☁