NOAA-style Climate Reports

Select a Year or Month report
V/Λ2017 > Jan Feb Mar Apr May Jun Jul Aug Sep Oct Nov Dec
V/Λ2016 > Jan Feb Mar Apr May Jun Jul Aug Sep Oct Nov Dec
V/Λ2015 > Jan Feb Mar Apr May Jun Jul Aug Sep Oct Nov Dec
V/Λ2014 > Jan Feb Mar Apr May Jun Jul Aug Sep Oct Nov Dec

Report for 2016 Jan
                   Monthly Climatological Summary for Jan 2016

Name: Horley Weather Station   City: Horley, Surrey   State: United Kingdom
Elevation: 60 m  Lat: N 51° 10' 32"   Lon: W 000° 09' 41"

                  Temperature (°C), Rain (mm), Wind Speed (kts)

                                      Heat  Cool        Avg
    Mean                              Deg   Deg         Wind                 Dom
Day Temp  High   Time   Low    Time   Days  Days  Rain  Speed High   Time    Dir
----------------------------------------------------------------------------------
 1   4.5   8.6   20:19  -0.5   04:35  13.8   0.0   5.2   2.9  26.0   19:27    SE
 2   9.9  11.1   15:30   8.2   00:00   8.4   0.0  11.6   5.4  33.0   05:21    SE
 3   5.9   9.2   00:00   3.6   22:40   3.7   0.0  19.4   0.9  20.8   00:13   WSW
 4   7.8  10.1   11:54   6.1   00:11  10.5   0.0   4.4   1.9  19.2   10:54     S
 5   7.1  10.1   13:09   3.3   22:13  11.2   0.0   5.8   0.7  20.8   01:21     S
 6   5.2   7.3   13:41   3.6   06:33  13.1   0.0   0.8   0.0  10.4   23:59     N
 7   7.0  10.2   09:59   2.8   23:29  11.3   0.0  16.2   4.0  45.2   12:06     W
 8   5.1   9.6   11:53  -0.3   04:44  13.2   0.0   3.8   1.3  20.8   12:11     S
 9   8.9  10.8   12:57   6.2   22:03   9.4   0.0  17.6   5.0  34.8   19:45     S
10   5.7   7.9   13:41   2.7   20:09  12.6   0.0   3.4   2.4  24.4   14:57     S
11   5.8   7.5   03:58   2.4   22:30  12.5   0.0  13.2   0.9  26.0   04:06     S
12   5.2   7.1   12:03   3.4   00:45  13.1   0.0   0.4   4.4  31.4   21:13   WNW
13   4.9   7.8   13:32   1.6   08:54  13.4   0.0   5.2   2.0  29.6   01:37   WNW
14   3.3   5.1   01:02   1.2   07:59  15.0   0.0   1.6   3.7  33.0   17:46   NNW
15   2.4   5.8   13:53   0.3   05:28  15.9   0.0   0.0   3.6  26.0   10:11   NNW
16   1.3   3.8   14:39  -1.8   07:15  17.0   0.0   0.0   0.7  14.0   03:30   NNW
17   2.1   4.2   21:21   0.4   04:39  16.2   0.0   4.2   0.7  19.2   22:50    SE
18   2.3   4.9   12:19  -3.8   23:19  16.0   0.0   0.0   2.2  19.2   00:23    SE
19  -1.8   4.7   14:12  -4.9   04:34  20.1   0.0   0.0   0.1   5.2   12:17    SE
20  -1.8   6.8   14:20  -6.7   07:37  20.1   0.0   0.2   0.0   7.0   14:06    SE
21   2.5   7.9   13:14  -3.0   03:36  15.8   0.0   0.0   1.2  15.6   13:38    SE
22   7.1  10.5   16:02   5.1   00:17  11.2   0.0   5.6   2.1  20.8   02:19   SSE
23   6.3   9.8   13:30   0.6   08:02  12.0   0.0   3.4   1.7  19.2   17:05     S
24  11.2  12.4   13:20   8.7   00:00   7.1   0.0   0.4   2.2  19.2   22:39     S
25  10.4  12.4   14:50   6.7   23:50   7.9   0.0   0.0   2.6  26.0   15:05     S
26   9.0  10.6   23:53   4.8   02:39   9.3   0.0   8.4   6.5  36.6   09:13     S
27  10.7  12.0   11:17   7.0   23:58   7.6   0.0  14.4   6.8  41.8   10:07     S
28   5.9   9.3   13:40   0.3   08:15  12.4   0.0   0.0   1.9  24.4   22:07   SSW
29  10.4  11.3   11:11   8.9   00:05   7.9   0.0   3.6   6.6  33.0   14:22   SSW
30   7.5  10.8   03:20   4.2   23:45  10.9   0.0  13.0   3.8  34.8   02:23     W
31   9.1  13.4   18:20   3.6   02:37   9.2   0.0   1.8   2.5  26.0   16:17   WSW
----------------------------------------------------------------------------------
     5.8  13.4    31    -6.7    20   377.8   0.0 163.6   2.6  45.2     7     SSW

Max >=  27.0:  0
Max <=   0.0:  0
Min <=   0.0:  7
Min <= -18.0:  0
Max Rain: 19.4 on day 3
Days of Rain: 24 (>= 0.2 mm)  18 (>= 2.0 mm)  0 (>= 20.0 mm)
Heat Base: 18.3  Cool Base: 18.3  Method: Integration
 ☁ forecasts ☁ records ☁ monthly records ☁ climate data ☁ charts ☁ 
 ☁ Earth ☁ lightning ☁ radar ☁ satellite ☁ rivers ☁ forum ☁