NOAA-style Climate Reports

Select a Year or Month report
V/Λ2017 > Jan Feb Mar Apr May Jun Jul Aug Sep Oct Nov Dec
V/Λ2016 > Jan Feb Mar Apr May Jun Jul Aug Sep Oct Nov Dec
V/Λ2015 > Jan Feb Mar Apr May Jun Jul Aug Sep Oct Nov Dec
V/Λ2014 > Jan Feb Mar Apr May Jun Jul Aug Sep Oct Nov Dec

Report for 2016 Feb
                   Monthly Climatological Summary for Feb 2016

Name: Horley Weather Station   City: Horley, Surrey   State: United Kingdom
Elevation: 60 m  Lat: N 51 10 32   Lon: W 000 09 41

                  Temperature (°C), Rain (mm), Wind Speed (kts)

                                      Heat  Cool        Avg
    Mean                              Deg   Deg         Wind                 Dom
Day Temp  High   Time   Low    Time   Days  Days  Rain  Speed High   Time    Dir
----------------------------------------------------------------------------------
01  11.6  12.6   14:39   9.4   23:56   6.7   0.0   0.0   6.1  31.4   21:20    SW
02   8.1  10.4   13:45   3.8   23:07  10.2   0.0   0.0   4.0  34.8   15:06     W
03   5.1   9.3   14:48   2.1   05:44  13.2   0.0   0.0   2.2  29.6   11:10    NW
04   9.3  13.6   12:55   2.7   00:20   9.1   0.0   0.0   1.2  20.8   07:41   WNW
05   9.9  10.9   11:15   9.2   03:21   8.5   0.0   0.2   3.1  31.3   20:37     S
06  10.2  12.0   15:57   6.2   23:58   8.1   0.0  12.2  11.7  45.2   14:48     S
07   7.3  10.2   23:06   4.9   07:02  11.0   0.0  12.4   6.8  50.4   22:55     S
08   7.7  10.0   12:57   5.8   23:55  10.6   0.0   3.6   7.7  38.2   09:52    SW
09   5.3   7.9   14:13   3.7   20:32  13.0   0.0   0.6   2.0  24.3   13:26   WSW
10   4.8   8.5   14:01  -0.6   23:50  13.5   0.0   0.2   2.2  20.9   11:14    NW
11   1.7   8.6   15:05  -3.3   06:45  16.6   0.0   0.2   0.1   7.0   12:49     W
12   2.9   5.1   15:32  -0.6   02:13  15.4   0.0   1.0   0.0   7.0   10:00   ENE
13   2.9   4.3   16:15  -0.2   01:52  15.3   0.0   5.0   1.0  22.6   17:33   NNE
14   3.8   6.9   13:26   1.7   07:28  14.6   0.0   2.8   5.1  33.0   17:22     N
15   2.9   6.5   13:34   0.1   23:54  15.4   0.0   0.0   4.7  27.8   10:30     N
16   2.0   7.9   14:27  -3.4   07:12  16.3   0.0   0.0   0.9  19.1   14:58     S
17   5.0   6.4   12:35   2.8   00:00  13.3   0.0   6.2   2.8  26.1   11:54     S
18   3.5   7.9   14:44  -2.1   23:48  14.8   0.0   1.6   1.9  19.1   12:53     N
19   3.6   9.8   13:49  -3.9   07:13  14.7   0.0   2.0   3.5  26.1   20:47     S
20  10.3  11.9   21:04   8.3   06:34   8.0   0.0   1.0   4.2  27.8   13:58   WSW
21  11.4  13.2   14:13  10.4   03:27   6.9   0.0   0.8   5.1  27.8   12:36    SW
22   8.2  10.9   05:05   3.8   23:58  10.1   0.0   3.6   1.8  15.6   00:31   WNW
23   4.6   9.6   14:29  -1.1   23:55  13.7   0.0   0.0   1.2  19.1   10:52     N
24   1.5   8.6   14:27  -3.2   06:10  16.8   0.0   0.0   0.4  15.6   14:45     N
25   1.0   6.8   14:38  -4.4   03:32  17.3   0.0   0.0   1.2  15.6   11:04     N
26   2.8   8.1   12:03  -1.7   05:41  15.5   0.0   0.0   0.5  13.9   15:06    SE
27   4.1   6.7   12:13   2.1   05:57  14.2   0.0   0.0   1.6  29.5   16:45    NE
28   4.6   8.3   14:15   2.4   06:34  13.7   0.0   0.0   3.2  31.3   10:32     N
29   4.9   9.6   14:00   0.7   04:09  13.4   0.0   0.0   1.2  15.6   10:55     N
----------------------------------------------------------------------------------
     5.6  13.6     4    -4.4    25   369.9   0.0  53.4   3.0  50.4     7      SW

Max >=  27.0  0
Max <=   0.0  0
Min <=   0.0 11
Min <= -18.0  0
Max Rain: 12.4 on day 7
Days of Rain: 16 (>= 0.2 mm)  8 (>= 2.0 mm)  0 (>= 20.0 mm)
Heat Base: 18.3  Cool Base: 18.3  Method: Integration
 ☁ forecasts ☁ records ☁ monthly records ☁ climate data ☁ charts ☁ 
 ☁ Earth ☁ lightning ☁ radar ☁ satellite ☁ rivers ☁ forum ☁