NOAA-style Climate Reports

Select a Year or Month report
V/Λ2017 > Jan Feb Mar Apr May Jun Jul Aug Sep Oct Nov Dec
V/Λ2016 > Jan Feb Mar Apr May Jun Jul Aug Sep Oct Nov Dec
V/Λ2015 > Jan Feb Mar Apr May Jun Jul Aug Sep Oct Nov Dec
V/Λ2014 > Jan Feb Mar Apr May Jun Jul Aug Sep Oct Nov Dec

Report for 2016 Mar
                   Monthly Climatological Summary for Mar 2016

Name: Horley Weather Station   City: Horley, Surrey   State: United Kingdom
Elevation: 60 m  Lat: N 51 10 32   Lon: W 000 09 41

                  Temperature (°C), Rain (mm), Wind Speed (kts)

                                      Heat  Cool        Avg
    Mean                              Deg   Deg         Wind                 Dom
Day Temp  High   Time   Low    Time   Days  Days  Rain  Speed High   Time    Dir
----------------------------------------------------------------------------------
01   8.5  12.5   15:33   4.6   02:02   9.8   0.0   6.4   4.3  24.3   05:15   SSW
02   5.5   8.3   00:00   3.2   07:21  12.8   0.0   3.0   5.3  41.7   11:11   WNW
03   6.7  10.3   14:48   3.4   07:56  11.6   0.0   2.0   5.9  38.2   04:10   NNW
04   4.9   9.1   14:23   0.7   07:26  13.4   0.0   2.8   1.9  24.3   02:47   WSW
05   2.6   6.5   14:00  -0.8   05:25  15.7   0.0   1.6   2.9  29.5   14:09     N
06   3.2   7.4   12:39   0.0   06:07  15.1   0.0   0.0   1.7  20.9   09:24     N
07   3.8   7.6   13:19  -1.2   06:33  14.5   0.0   0.0   4.0  31.3   13:03     N
08   3.4   8.8   14:12  -3.8   04:55  14.9   0.0   1.6   2.3  24.3   22:01     S
09   7.6  10.3   13:25   6.0   22:49  10.7   0.0  27.2   3.3  29.5   03:54    SE
10   5.9   8.5   13:30   0.9   23:58  12.4   0.0   0.0   1.2  13.9   10:54     N
11   3.9  11.9   14:07  -1.3   03:39  14.4   0.0   0.2   0.2  10.4   12:34     N
12   4.6  11.9   14:50   0.0   03:41  13.7   0.0   0.0   0.1   5.2   11:42    SE
13   4.8  11.0   13:17   0.7   05:27  13.5   0.0   0.2   1.1  17.4   14:44    NE
14   5.8  10.2   14:39   2.7   06:00  12.6   0.0   0.0   1.7  27.8   13:51    NE
15   5.3   8.7   15:02  -0.9   05:50  13.0   0.0   0.0   1.6  22.6   23:33     N
16   6.6   8.7   10:32   3.2   23:59  11.7   0.0   0.4   2.1  24.3   12:01   NNE
17   5.5  12.1   13:38  -0.3   05:56  12.8   0.0   0.0   0.7  19.1   10:36    NE
18   5.0   7.3   14:44   2.1   07:21  13.3   0.0   0.0   1.7  22.6   21:20     N
19   6.8   9.6   14:21   5.4   06:20  11.5   0.0   0.0   1.9  26.1   12:08     N
20   7.1  10.7   15:47   4.8   06:51  11.2   0.0   0.0   1.5  20.9   07:46     N
21   8.4  12.1   14:41   2.8   23:56   9.9   0.0   0.0   1.5  15.6   15:57     N
22   6.7  15.3   15:16  -1.2   06:35  11.6   0.0   0.0   0.4  12.2   15:41     N
23   8.1  10.8   12:40   4.1   00:00  10.2   0.0   0.0   0.5  10.4   11:52     N
24   7.8  11.6   13:16   4.4   05:51  10.5   0.0   7.8   2.1  20.9   18:45   SSW
25  10.1  15.9   14:57   6.7   23:57   8.2   0.0   4.2   2.7  20.9   11:06   NNW
26   9.4  13.4   15:36   5.8   23:58   8.9   0.0  11.8   7.3  45.2   16:34     S
27   7.7  10.2   16:44   4.9   02:49  10.2   0.0  19.0   6.6  43.4   23:38     S
28   8.6  12.7   14:17   4.9   23:29   9.7   0.0  15.4  10.0  62.6   06:02   SSW
29   7.8  13.4   14:57   4.7   00:28  10.5   0.0   8.2   3.3  22.6   15:54    SW
30   7.4  13.6   13:56   3.2   05:20  10.9   0.0   1.4   1.2  20.9   14:57   SSW
31   7.1  12.7   14:50   2.4   23:56  11.2   0.0   0.0   2.1  19.1   11:51     N
----------------------------------------------------------------------------------
     6.3  15.9    25    -3.8     8   370.4   0.0 113.2   2.7  62.6    28     WSW

Max >=  27.0  0
Max <=   0.0  0
Min <=   0.0  9
Min <= -18.0  0
Max Rain: 27.2 on day 9
Days of Rain: 17 (>= 0.2 mm)  11 (>= 2.0 mm)  1 (>= 20.0 mm)
Heat Base: 18.3  Cool Base: 18.3  Method: Integration
 ☁ forecasts ☁ records ☁ monthly records ☁ climate data ☁ charts ☁ 
 ☁ Earth ☁ lightning ☁ radar ☁ satellite ☁ rivers ☁ forum ☁