NOAA-style Climate Reports

Select a Year or Month report
V/Λ2017 > Jan Feb Mar Apr May Jun Jul Aug Sep Oct Nov Dec
V/Λ2016 > Jan Feb Mar Apr May Jun Jul Aug Sep Oct Nov Dec
V/Λ2015 > Jan Feb Mar Apr May Jun Jul Aug Sep Oct Nov Dec
V/Λ2014 > Jan Feb Mar Apr May Jun Jul Aug Sep Oct Nov Dec

Report for 2016 Apr
                   Monthly Climatological Summary for Apr 2016

Name: Horley Weather Station   City: Horley, Surrey   State: United Kingdom
Elevation: 60 m  Lat: N 51 10 32   Lon: W 000 09 41

                  Temperature (°C), Rain (mm), Wind Speed (kts)

                                      Heat  Cool        Avg
    Mean                              Deg   Deg         Wind                 Dom
Day Temp  High   Time   Low    Time   Days  Days  Rain  Speed High   Time    Dir
----------------------------------------------------------------------------------
01   6.2  12.4   14:10  -1.4   05:58  12.1   0.0   0.0   2.2  22.6   11:58     S
02   9.7  15.0   15:09   7.2   07:10   8.6   0.0   3.6   2.1  22.6   10:27   SSE
03  10.8  16.2   17:59   5.5   07:29   7.5   0.0   3.0   1.7  27.8   18:49    SE
04   9.8  12.7   14:36   7.3   23:35   8.5   0.0   0.8   2.4  24.3   13:05     S
05   9.7  15.2   13:28   6.4   03:26   8.6   0.0   2.6   1.3  22.6   15:45     W
06   8.5  12.9   16:26   4.9   05:23   9.8   0.0   2.4   3.8  33.0   15:57     W
07   7.0  11.6   17:03   3.9   05:18  11.3   0.0   2.6   2.7  24.3   17:25   WNW
08   7.7  14.0   13:15   1.4   05:38  10.6   0.0   0.0   1.4  17.4   17:11    SW
09   8.0  12.6   13:56   3.8   23:58  10.3   0.0   4.4   2.5  20.9   18:02     S
10   7.3  13.6   14:16  -0.2   04:52  11.0   0.0   1.2   2.2  22.6   12:06    SE
11  11.1  15.1   11:54   8.2   00:37   7.2   0.0   4.6   0.3  10.4   21:23   SSW
12  11.3  17.2   15:25   5.3   23:58   7.0   0.0   2.4   1.4  15.6   14:25   SSW
13  10.1  18.9   15:30   1.7   07:19   8.2   0.0   0.0   0.6  12.2   13:16     W
14  10.8  17.4   14:06   3.6   05:17   7.5   0.0   2.4   1.8  20.9   14:52     S
15   9.9  12.8   10:01   8.1   23:58   8.4   0.0  15.0   1.6  20.9   12:07     S
16   6.1   8.6   19:20   1.2   23:56  12.2   0.0   1.4   2.0  17.4   12:47     N
17   5.9  12.6   17:49  -0.3   05:49  12.4   0.0   0.0   1.4  19.1   14:02   NNW
18   7.3  12.7   14:43  -0.4   05:15  11.0   0.0   0.0   1.6  24.3   13:15   WNW
19  11.2  17.1   17:01   6.4   23:46   7.1   0.0   0.0   0.9  15.6   12:54     N
20   9.0  15.6   15:43   1.8   05:32   9.3   0.0   0.0   1.1  19.1   11:02   ENE
21  10.9  17.9   14:16   5.8   01:11   7.4   0.0   0.0   0.9  20.9   15:58   ENE
22   9.0  11.7   14:46   5.3   23:46   9.3   0.0   2.8   1.0  15.6   14:55    NE
23   6.8  10.7   12:18   2.8   23:24  11.5   0.0   0.6   4.1  29.5   12:28     N
24   6.5  10.3   16:46   2.8   00:00  11.8   0.0   0.2   3.3  24.3   10:45     N
25   7.6  12.4   15:23   3.7   23:15  10.7   0.0   0.0   2.2  20.9   14:25   NNW
26   5.4  10.8   14:58   1.7   06:06  12.9   0.0   0.0   4.1  29.5   12:30     N
27   5.7  12.3   15:47   0.7   06:02  12.6   0.0   0.6   1.9  22.6   12:21   NNW
28   6.5  12.0   13:00  -0.8   05:10  11.8   0.0   0.2   3.0  33.0   19:18     S
29   8.2  12.4   14:08   4.3   23:02  10.1   0.0   0.2   2.8  29.5   14:39   WSW
30   7.3  14.4   13:59  -0.5   06:08  11.0   0.0   0.0   1.7  27.8   17:32   NNW
----------------------------------------------------------------------------------
     8.4  18.9    13    -1.4     1   297.7   0.0  51.0   2.0  33.0     6       W

Max >=  27.0  0
Max <=   0.0  0
Min <=   0.0  6
Min <= -18.0  0
Max Rain: 15.0 on day 15
Days of Rain: 19 (>= 0.2 mm)  11 (>= 2.0 mm)  0 (>= 20.0 mm)
Heat Base: 18.3  Cool Base: 18.3  Method: Integration
 ☁ forecasts ☁ records ☁ monthly records ☁ climate data ☁ charts ☁ 
 ☁ Earth ☁ lightning ☁ radar ☁ satellite ☁ rivers ☁ forum ☁