NOAA-style Climate Reports

Select a Year or Month report
V/Λ2017 > Jan Feb Mar Apr May Jun Jul Aug Sep Oct Nov Dec
V/Λ2016 > Jan Feb Mar Apr May Jun Jul Aug Sep Oct Nov Dec
V/Λ2015 > Jan Feb Mar Apr May Jun Jul Aug Sep Oct Nov Dec
V/Λ2014 > Jan Feb Mar Apr May Jun Jul Aug Sep Oct Nov Dec

Report for 2016 May
                   Monthly Climatological Summary for May 2016

Name: Horley Weather Station   City: Horley, Surrey   State: United Kingdom
Elevation: 60 m  Lat: N 51 10 32   Lon: W 000 09 41

                  Temperature (°C), Rain (mm), Wind Speed (kts)

                                      Heat  Cool        Avg
    Mean                              Deg   Deg         Wind                 Dom
Day Temp  High   Time   Low    Time   Days  Days  Rain  Speed High   Time    Dir
----------------------------------------------------------------------------------
01   8.7  15.8   15:18  -0.7   05:40   9.6   0.0   0.0   2.5  20.9   15:58     S
02  11.2  14.9   14:50   7.9   23:08   7.1   0.0   0.8   3.8  24.3   13:16     S
03  10.1  16.2   16:23   2.6   05:52   8.2   0.0   0.0   1.5  26.1   14:07    NW
04  10.5  17.6   15:26   1.8   05:53   7.8   0.0   0.0   1.8  20.9   15:56   SSE
05  12.7  21.3   14:15   3.1   04:07   6.2   0.5   0.0   1.7  20.9   10:25    SE
06  15.2  24.2   15:32   4.9   04:48   4.7   1.6   0.0   1.1  19.1   16:27    SE
07  17.5  23.9   12:15  11.8   03:37   2.4   1.7   0.0   2.0  20.9   16:29    SE
08  19.4  26.7   15:50  11.1   04:12   2.1   3.2   0.0   1.8  19.1   14:41    SE
09  18.1  24.6   14:16  13.2   04:46   1.6   1.4   1.0   0.7  15.6   14:09    SE
10  16.3  19.9   17:41  14.6   03:44   2.1   0.1   4.6   0.4  10.4   13:52   SSE
11  16.8  20.2   15:08  14.2   05:08   1.7   0.3  25.2   0.5  12.2   12:56   SSE
12  17.8  24.2   15:25  12.6   06:47   1.9   1.5   1.8   2.8  22.6   15:35     N
13  14.3  20.9   13:52   9.3   23:48   4.3   0.3   0.0   6.6  29.5   14:46     N
14  10.2  15.1   15:54   5.6   23:55   8.1   0.0   0.0   3.6  24.3   14:24     N
15  10.7  18.2   15:49   2.1   05:34   7.6   0.0   0.0   2.0  20.9   14:13   NNW
16  12.9  19.0   14:35   7.4   05:38   5.4   0.0   0.0   1.4  15.6   17:00     N
17  12.6  18.2   11:06   6.2   04:28   5.7   0.0   0.0   2.0  24.3   15:51   SSW
18  11.9  13.1   14:40  10.4   23:56   6.4   0.0  12.6   3.1  19.1   08:18     S
19  13.0  18.6   13:46   9.2   04:27   5.3   0.0   0.8   3.1  19.1   00:45    SW
20  14.9  19.8   14:37  12.4   00:00   3.5   0.1   0.0   2.8  20.9   14:49     S
21  14.8  17.3   13:31  12.3   01:06   3.5   0.0   0.2   3.9  24.3   14:51     S
22  13.9  18.9   12:12  11.1   05:43   4.4   0.0   3.4   0.7  10.4   16:30    NW
23  13.6  19.6   15:10   8.2   05:55   4.7   0.0   5.6   2.4  20.9   11:50     N
24  12.4  17.6   16:24   6.7   05:29   5.9   0.0   0.2   1.4  22.6   18:48   NNW
25  10.4  13.8   15:12   7.2   23:56   7.9   0.0   0.0   1.7  13.9   11:39   NNW
26  12.8  21.2   17:17   4.6   03:24   5.7   0.3   0.0   0.4  10.4   11:59   SSE
27  15.5  22.1   15:44  10.0   02:16   3.6   0.8   0.2   0.5  15.6   12:33     N
28  15.2  21.7   16:21  11.1   03:53   3.6   0.5   0.0   0.4  17.4   10:38   NNE
29  14.6  20.1   16:28   9.7   05:28   3.9   0.2   0.0   5.0  26.1   12:44     N
30  14.2  16.9   18:43  11.9   05:18   4.1   0.0   0.0   9.0  34.8   23:30     N
31  12.2  13.9   00:00  10.8   08:45   6.1   0.0  13.0  11.0  40.0   03:23     N
----------------------------------------------------------------------------------
    13.7  26.7     8    -0.7     1   155.1  12.5  69.4   2.7  40.0    31     NNW

Max >=  27.0  0
Max <=   0.0  0
Min <=   0.0  1
Min <= -18.0  0
Max Rain: 25.2 on day 11
Days of Rain: 13 (>= 0.2 mm)  6 (>= 2.0 mm)  1 (>= 20.0 mm)
Heat Base: 18.3  Cool Base: 18.3  Method: Integration
 ☁ forecasts ☁ records ☁ monthly records ☁ climate data ☁ charts ☁ 
 ☁ Earth ☁ lightning ☁ radar ☁ satellite ☁ rivers ☁ forum ☁