NOAA-style Climate Reports

Select a Year or Month report
V/Λ2017 > Jan Feb Mar Apr May Jun Jul Aug Sep Oct Nov Dec
V/Λ2016 > Jan Feb Mar Apr May Jun Jul Aug Sep Oct Nov Dec
V/Λ2015 > Jan Feb Mar Apr May Jun Jul Aug Sep Oct Nov Dec
V/Λ2014 > Jan Feb Mar Apr May Jun Jul Aug Sep Oct Nov Dec

Report for 2016 Jun
                   Monthly Climatological Summary for Jun 2016

Name: Horley Weather Station   City: Horley, Surrey   State: United Kingdom
Elevation: 60 m  Lat: N 51 10 32   Lon: W 000 09 41

                  Temperature (°C), Rain (mm), Wind Speed (kts)

                                      Heat  Cool        Avg
    Mean                              Deg   Deg         Wind                 Dom
Day Temp  High   Time   Low    Time   Days  Days  Rain  Speed High   Time    Dir
----------------------------------------------------------------------------------
01  12.3  13.2   17:03  11.3   23:57   6.0   0.0   2.6   7.1  33.0   21:31     N
02  11.1  13.0   16:13   9.7   05:46   7.2   0.0   3.6   8.4  31.3   04:19     N
03  11.2  14.4   16:20   9.0   05:56   7.1   0.0   0.0   3.8  20.9   07:47     N
04  15.8  21.2   16:36  11.8   02:01   2.9   0.5   0.0   1.9  15.6   14:04     N
05  18.1  24.9   16:19  12.4   06:08   1.9   1.7   0.0   1.8  15.6   09:21     N
06  17.4  25.2   15:53   9.7   05:18   3.0   2.1   0.0   0.6  12.2   12:52    SE
07  17.3  25.3   12:27  10.3   04:34   2.4   1.4   5.0   0.3   8.7   13:23   NNW
08  18.3  25.7   15:31  13.4   23:58   1.3   1.4   4.8   0.9  20.9   16:11     N
09  16.9  23.2   16:39  11.8   05:23   2.6   1.2   0.0   0.6  12.2   11:58   SSE
10  17.3  23.8   14:43  11.3   04:54   2.4   1.4   0.0   0.7  13.9   15:57   SSE
11  17.6  23.4   14:33  13.5   04:31   1.8   1.1   5.2   0.8  15.6   14:41     N
12  15.9  19.9   17:41  13.4   05:48   2.5   0.1   4.0   1.0  12.2   11:18     S
13  15.4  18.4   15:37  12.5   04:17   2.9   0.0   4.2   1.1  15.6   17:24   WSW
14  15.3  18.6   14:29  12.9   23:50   3.0   0.0   2.0   1.8  26.1   14:56     S
15  14.3  18.3   16:10   9.8   05:27   4.0   0.0  12.8   1.8  20.9   17:03     S
16  14.8  18.1   15:54  12.1   05:22   3.5   0.0   0.6   1.3  15.6   12:52   SSE
17  14.8  18.8   15:01  12.6   23:39   3.5   0.0  11.2   1.3  15.6   12:33     N
18  14.0  17.4   14:16  11.5   23:11   4.3   0.0   6.0   1.6  22.6   12:49     N
19  15.4  20.6   13:21  10.7   05:28   3.1   0.3   1.8   2.4  17.4   12:14     S
20  17.0  22.6   16:54  14.7   05:32   1.9   0.7  12.8   3.2  22.6   08:22     S
21  17.7  21.4   14:15  14.7   23:41   1.4   0.8   0.0   1.6  19.1   19:04    SW
22  18.1  22.1   13:49  14.3   04:40   1.4   1.2   4.4   1.5  17.4   13:25     S
23  19.0  21.6   14:38  15.8   23:58   0.1   0.9  39.4   0.5  10.4   11:37     S
24  16.4  21.9   13:42  10.9   05:12   2.7   0.7   0.2   2.5  24.3   15:20     S
25  14.9  19.2   11:12  11.2   05:33   3.4   0.0   5.2   1.2  17.4   13:51     W
26  15.4  20.9   14:25  10.6   02:55   3.1   0.3   0.4   2.1  20.9   08:30   WNW
27  17.9  22.1   14:46  14.2   00:00   1.3   0.9   0.2   2.1  20.9   16:22   NNW
28  15.4  20.9   13:50  11.3   04:45   3.3   0.4   4.8   2.4  26.1   15:25     S
29  13.9  17.4   10:51  10.7   05:02   4.4   0.0   4.6   4.0  26.1   16:46     S
30  16.2  20.4   13:08  13.2   03:55   2.3   0.2   3.0   2.6  20.9   15:42     S
----------------------------------------------------------------------------------
    15.8  25.7     8     9.0     3    90.7  17.3 138.8   2.1  33.0     1     WNW

Max >=  27.0  0
Max <=   0.0  0
Min <=   0.0  0
Min <= -18.0  0
Max Rain: 39.4 on day 23
Days of Rain: 23 (>= 0.2 mm)  18 (>= 2.0 mm)  1 (>= 20.0 mm)
Heat Base: 18.3  Cool Base: 18.3  Method: Integration
 ☁ forecasts ☁ records ☁ monthly records ☁ climate data ☁ charts ☁ 
 ☁ Earth ☁ lightning ☁ radar ☁ satellite ☁ rivers ☁ forum ☁