NOAA-style Climate Reports

Select a Year or Month report
V/Λ2017 > Jan Feb Mar Apr May Jun Jul Aug Sep Oct Nov Dec
V/Λ2016 > Jan Feb Mar Apr May Jun Jul Aug Sep Oct Nov Dec
V/Λ2015 > Jan Feb Mar Apr May Jun Jul Aug Sep Oct Nov Dec
V/Λ2014 > Jan Feb Mar Apr May Jun Jul Aug Sep Oct Nov Dec

Report for 2016 Jul
                   Monthly Climatological Summary for Jul 2016

Name: Horley Weather Station   City: Horley, Surrey   State: United Kingdom
Elevation: 60 m  Lat: N 51 10 32   Lon: W 000 09 41

                  Temperature (°C), Rain (mm), Wind Speed (kts)

                                      Heat  Cool        Avg
    Mean                              Deg   Deg         Wind                 Dom
Day Temp  High   Time   Low    Time   Days  Days  Rain  Speed High   Time    Dir
----------------------------------------------------------------------------------
01  15.9  19.3   16:01  11.8   23:58   2.4   0.1   4.4   3.6  24.3   17:01     S
02  14.1  18.6   13:00   9.6   04:38   4.2   0.0   1.2   3.0  27.8   14:36    SW
03  15.5  20.9   17:12   9.3   05:41   3.3   0.5   0.0   1.8  17.4   13:43     S
04  15.7  21.6   11:48  10.5   03:28   3.1   0.5   0.0   2.2  19.1   23:37     S
05  17.4  21.9   18:05  13.7   23:47   1.6   0.7   0.0   3.0  26.1   12:28   NNW
06  16.2  22.3   15:25   9.2   05:10   3.0   0.9   0.0   1.0  15.6   12:16   NNW
07  17.2  21.4   13:49  13.1   04:59   1.8   0.7   0.0   1.7  19.1   19:32     S
08  18.5  23.9   16:02  14.4   05:11   1.3   1.5   0.0   2.2  19.1   10:12    SW
09  18.1  22.8   12:42  12.9   04:25   1.3   1.1   0.0   3.8  27.8   13:00     S
10  17.8  22.1   15:44  15.8   23:10   1.0   0.5   0.4   4.3  24.3   14:33     S
11  17.1  21.8   16:01  14.6   22:24   1.7   0.5   2.2   3.9  29.5   10:16     S
12  14.8  19.7   12:00  12.2   05:50   3.5   0.0  10.4   0.9  17.4   10:31    SW
13  14.5  18.9   12:21  12.1   05:48   3.8   0.0   1.6   1.9  20.9   12:22     N
14  16.0  21.7   18:10  11.1   06:40   3.0   0.7   0.0   2.5  26.1   10:47     N
15  15.8  20.7   14:26  10.0   05:33   2.8   0.3   0.0   1.4  15.6   14:32   WSW
16  21.0  26.8   13:52  16.6   00:47   0.5   3.2   0.0   1.4  13.9   11:10     W
17  21.8  26.4   15:49  17.7   02:32   0.1   3.5   0.0   1.3  15.6   17:48     W
18  22.0  30.5   17:37  14.7   05:09   0.8   4.5   0.0   0.7  10.4   18:54   SSW
19  24.2  32.7   16:34  13.9   05:06   0.9   6.8   0.0   1.6  17.4   14:07    SE
20  23.2  30.7   16:29  18.7   23:59   0.0   4.9   0.0   3.3  27.8   08:35     S
21  19.3  25.2   15:53  13.3   05:36   1.2   2.1   0.0   1.1  13.9   00:15   NNW
22  20.3  25.3   12:02  16.7   23:56   0.2   2.2   0.8   0.4   8.7   16:02     W
23  20.3  27.7   13:10  13.0   05:37   1.4   3.4   0.2   1.8  20.9   14:11     S
24  18.5  23.9   14:21  12.4   06:04   1.3   1.5   0.0   2.4  22.6   15:36     S
25  19.2  23.8   14:22  14.0   06:01   0.8   1.8   0.0   1.7  15.6   11:39     W
26  17.8  22.6   17:19  12.3   05:23   1.7   1.2   0.0   1.1  12.2   15:49   SSW
27  19.1  23.6   18:12  16.7   00:57   0.6   1.3   0.0   1.9  17.4   10:05   SSW
28  17.8  23.0   12:46  13.5   05:14   1.2   0.7   0.2   1.6  17.4   14:18     S
29  18.7  23.1   15:14  15.4   23:57   0.7   1.0   0.4   2.1  19.1   15:38   SSW
30  17.5  23.5   17:18  13.8   03:21   1.7   0.9   0.0   1.0  12.2   13:32     N
31  17.6  23.3   17:31  12.3   06:29   1.9   1.2   0.0   1.2  13.9   11:38   NNW
----------------------------------------------------------------------------------
    18.2  32.7    19     9.2     6    52.8  48.2  21.8   2.0  29.5    11     SSW

Max >=  27.0  4
Max <=   0.0  0
Min <=   0.0  0
Min <= -18.0  0
Max Rain: 10.4 on day 12
Days of Rain: 10 (>= 0.2 mm)  3 (>= 2.0 mm)  0 (>= 20.0 mm)
Heat Base: 18.3  Cool Base: 18.3  Method: Integration
 ☁ forecasts ☁ records ☁ monthly records ☁ climate data ☁ charts ☁ 
 ☁ Earth ☁ lightning ☁ radar ☁ satellite ☁ rivers ☁ forum ☁