NOAA-style Climate Reports

Select a Year or Month report
V/Λ2017 > Jan Feb Mar Apr May Jun Jul Aug Sep Oct Nov Dec
V/Λ2016 > Jan Feb Mar Apr May Jun Jul Aug Sep Oct Nov Dec
V/Λ2015 > Jan Feb Mar Apr May Jun Jul Aug Sep Oct Nov Dec
V/Λ2014 > Jan Feb Mar Apr May Jun Jul Aug Sep Oct Nov Dec

Report for 2016 Aug
                   Monthly Climatological Summary for Aug 2016

Name: Horley Weather Station   City: Horley, Surrey   State: United Kingdom
Elevation: 60 m  Lat: N 51 10 32   Lon: W 000 09 41

                  Temperature (°C), Rain (mm), Wind Speed (kts)

                                      Heat  Cool        Avg
    Mean                              Deg   Deg         Wind                 Dom
Day Temp  High   Time   Low    Time   Days  Days  Rain  Speed High   Time    Dir
----------------------------------------------------------------------------------
01  15.2  19.0   13:37  11.2   05:41   3.1   0.0  10.4   1.2  15.6   17:54   SSW
02  17.7  20.1   16:41  13.9   00:14   1.1   0.4  18.6   1.7  19.1   02:02     S
03  19.1  23.0   15:36  15.5   23:33   0.4   1.3   0.4   3.1  22.6   16:15     S
04  17.6  21.9   13:06  14.6   23:58   1.3   0.6   0.6   1.6  17.4   04:42   SSW
05  17.6  24.2   15:54  11.7   05:06   2.2   1.5   0.0   0.7  13.9   15:00   WSW
06  18.4  25.6   14:51  11.1   05:52   2.1   2.2   0.0   1.8  19.1   15:28     S
07  20.2  26.1   15:11  15.6   23:57   0.4   2.4   0.0   3.1  24.3   16:48     S
08  17.1  22.1   14:41  13.3   05:57   1.8   0.6   0.0   2.4  22.6   12:08   NNW
09  15.2  20.4   15:47   9.3   05:05   3.4   0.3   0.0   3.1  20.9   14:04     N
10  14.5  20.1   16:27   9.7   04:46   3.9   0.1   0.0   1.9  19.1   10:17     N
11  17.7  23.3   15:25  13.3   00:32   1.8   1.2   0.0   1.5  19.1   11:55    NW
12  19.2  25.8   14:23  13.1   05:58   1.5   2.4   0.0   2.3  20.9   16:07   SSW
13  18.5  24.3   17:35  13.2   06:30   1.6   1.7   0.0   1.2  15.6   13:20    SW
14  17.7  23.6   17:08  12.3   04:40   2.0   1.5   0.0   1.4  17.4   12:59   NNW
15  16.6  24.6   14:32   8.4   05:53   3.5   1.8   0.0   0.6  12.2   11:54     E
16  16.8  24.6   15:38   9.3   05:31   3.3   1.8   0.0   0.3  13.9   14:09   ESE
17  18.5  27.3   15:49   9.8   06:13   2.7   3.0   0.0   0.5  12.2   09:55   SSE
18  18.8  25.0   16:18  15.1   00:12   1.1   1.6   0.0   0.4  10.4   12:00     N
19  17.0  19.8   14:15  15.4   23:58   1.4   0.1   5.6   1.9  19.1   12:56     S
20  16.7  19.9   14:53  14.8   10:51   1.7   0.1   8.0   5.7  43.4   15:30     S
21  17.4  22.3   16:49  15.1   06:23   1.4   0.5   0.8   3.5  20.9   12:45   WSW
22  19.3  24.0   14:45  15.9   23:47   0.8   1.8   1.0   2.7  22.6   13:17     S
23  20.9  29.4   17:27  11.6   06:13   1.8   4.5   0.0   1.7  20.9   15:53    SE
24  23.9  32.6   16:02  16.2   04:49   0.4   6.0   0.0   0.2  10.4   20:44   NNW
25  23.8  28.6   17:39  19.7   06:25   0.0   5.5   0.0   0.6  12.2   16:21   NNW
26  21.7  27.7   16:54  16.2   23:58   0.2   3.5   0.0   0.9  13.9   11:44   NNW
27  20.6  28.0   15:23  13.4   05:52   1.3   3.6   0.0   1.0  17.4   16:24   SSE
28  18.2  20.6   11:02  15.2   23:49   0.7   0.6   1.6   2.1  20.9   13:15     S
29  18.2  24.3   16:39  13.7   23:54   1.5   1.4   0.2   1.3  15.6   11:56     N
30  17.8  26.3   15:31   9.9   06:39   3.0   2.5   0.0   1.0  15.6   13:40     S
31  16.9  23.3   13:35   9.8   05:18   2.9   1.4   0.0   1.3  15.6   11:59    SW
----------------------------------------------------------------------------------
    18.3  32.6    24     8.4    15    54.3  55.9  47.2   1.7  43.4    20     SSW

Max >=  27.0  6
Max <=   0.0  0
Min <=   0.0  0
Min <= -18.0  0
Max Rain: 18.6 on day 2
Days of Rain: 10 (>= 0.2 mm)  4 (>= 2.0 mm)  0 (>= 20.0 mm)
Heat Base: 18.3  Cool Base: 18.3  Method: Integration
 ☁ forecasts ☁ records ☁ monthly records ☁ climate data ☁ charts ☁ 
 ☁ Earth ☁ lightning ☁ radar ☁ satellite ☁ rivers ☁ forum ☁