NOAA-style Climate Reports

Select a Year or Month report
V/Λ2017 > Jan Feb Mar Apr May Jun Jul Aug Sep Oct Nov Dec
V/Λ2016 > Jan Feb Mar Apr May Jun Jul Aug Sep Oct Nov Dec
V/Λ2015 > Jan Feb Mar Apr May Jun Jul Aug Sep Oct Nov Dec
V/Λ2014 > Jan Feb Mar Apr May Jun Jul Aug Sep Oct Nov Dec

Report for 2016 Sep
                   Monthly Climatological Summary for Sep 2016

Name: Horley Weather Station   City: Horley, Surrey   State: United Kingdom
Elevation: 60 m  Lat: N 51 10 32   Lon: W 000 09 41

                  Temperature (°C), Rain (mm), Wind Speed (kts)

                                      Heat  Cool        Avg
    Mean                              Deg   Deg         Wind                 Dom
Day Temp  High   Time   Low    Time   Days  Days  Rain  Speed High   Time    Dir
----------------------------------------------------------------------------------
01  16.9  24.4   16:23  10.7   06:18   2.6   1.2   0.0   1.2  13.9   17:51   SSW
02  16.2  19.7   13:07  13.3   04:25   2.2   0.2   2.4   1.4  19.1   17:47     S
03  16.1  20.5   15:19  10.4   07:00   2.4   0.2   4.4   4.1  24.3   16:14     S
04  17.5  19.7   14:59  14.8   06:29   1.0   0.2   1.2   1.2  20.9   01:14    SW
05  17.9  22.8   18:20  13.9   07:26   1.6   1.2   6.0   0.1   7.0   05:04     S
06  20.9  23.7   14:46  17.9   22:48   0.0   2.6   0.0   0.6   8.7   11:07   SSW
07  21.3  28.2   15:47  15.6   23:56   0.2   3.2   0.0   1.1  19.1   14:27   SSE
08  17.7  23.7   14:48  12.6   06:43   2.0   1.4   0.0   2.9  24.3   08:56   WSW
09  18.5  22.1   14:10  14.9   02:24   0.8   1.0   0.0   3.9  29.5   12:29     S
10  18.1  20.6   11:15  14.3   23:59   0.5   0.3   4.0   2.0  20.9   11:46     S
11  14.5  21.7   14:51   7.7   07:02   4.4   0.7   0.0   0.9  15.6   14:02     S
12  17.5  25.4   14:25   8.8   05:30   3.1   2.3   0.0   1.0  17.4   12:19     S
13  22.3  30.8   14:44  14.7   05:22   0.8   4.8   0.0   0.8  15.6   12:28   SSE
14  20.6  27.1   15:56  15.2   23:57   0.5   2.8   0.0   1.3  17.4   10:34     S
15  19.8  28.1   13:18  13.3   03:25   1.3   2.8   0.0   1.6  17.4   13:43     S
16  16.1  18.3   00:00  13.0   23:57   2.2   0.0  13.4   3.6  34.8   14:41     N
17  13.8  15.4   16:44  12.2   04:03   4.5   0.0   0.2   4.6  22.6   11:08     N
18  16.4  19.3   13:19  14.0   05:19   2.0   0.1   0.2   0.8  12.2   11:15     N
19  16.0  19.7   11:35  13.3   07:02   2.5   0.2   2.4   0.4  10.4   16:44     N
20  15.3  18.3   15:17  12.6   23:58   3.0   0.0   0.0   0.4   8.7   15:44   NNW
21  16.3  21.9   15:33  12.1   06:59   2.8   0.8   0.0   0.3  19.1   14:05     S
22  15.7  19.8   16:16  11.6   05:18   2.8   0.2   0.0   1.1  13.9   16:53     S
23  13.5  19.7   15:25   6.9   07:01   5.0   0.2   0.0   1.0  15.6   13:34     S
24  16.1  21.8   12:26   8.6   02:28   3.1   1.0   0.0   3.1  31.3   12:51     S
25  16.0  19.7   13:24  10.2   23:59   2.4   0.1   2.4   1.2  20.9   05:42   SSW
26  12.9  18.5   16:00   8.4   03:43   5.4   0.0   0.0   1.5  19.1   13:32     S
27  14.2  18.8   16:12   7.8   02:06   5.9   0.0   0.4   0.6  24.3   10:33     S
28  17.8  21.7   13:03  15.7   10:00   1.2   0.6   0.8   3.7  24.3   07:05     S
29  14.1  19.7   15:12  10.2   07:46   4.3   0.1   0.8   1.2  17.4   15:26     W
30  16.9  18.3   14:48  14.6   19:13   0.6   0.0   0.0   3.5  19.1   13:33     S
----------------------------------------------------------------------------------
    16.9  30.8    13     6.9    23    71.1  28.2  38.6   1.4  34.8    16       S

Max >=  27.0  4
Max <=   0.0  0
Min <=   0.0  0
Min <= -18.0  0
Max Rain: 13.4 on day 16
Days of Rain: 13 (>= 0.2 mm)  7 (>= 2.0 mm)  0 (>= 20.0 mm)
Heat Base: 18.3  Cool Base: 18.3  Method: Integration
 ☁ forecasts ☁ records ☁ monthly records ☁ climate data ☁ charts ☁ 
 ☁ Earth ☁ lightning ☁ radar ☁ satellite ☁ rivers ☁ forum ☁