NOAA-style Climate Reports

Select a Year or Month report
V/Λ2017 > Jan Feb Mar Apr May Jun Jul Aug Sep Oct Nov Dec
V/Λ2016 > Jan Feb Mar Apr May Jun Jul Aug Sep Oct Nov Dec
V/Λ2015 > Jan Feb Mar Apr May Jun Jul Aug Sep Oct Nov Dec
V/Λ2014 > Jan Feb Mar Apr May Jun Jul Aug Sep Oct Nov Dec

Report for 2016 Oct
                   Monthly Climatological Summary for Oct 2016

Name: Horley Weather Station   City: Horley, Surrey   State: United Kingdom
Elevation: 60 m  Lat: N 51 10 32   Lon: W 000 09 41

                  Temperature (°C), Rain (mm), Wind Speed (kts)

                                      Heat  Cool        Avg
    Mean                              Deg   Deg         Wind                 Dom
Day Temp  High   Time   Low    Time   Days  Days  Rain  Speed High   Time    Dir
----------------------------------------------------------------------------------
01   9.5  10.7   09:59   9.1   22:51   4.1   0.0  13.0   2.2  13.9   00:29     N
02   9.1  16.9   16:55   2.4   06:54   9.2   0.0   0.0   1.1  17.4   13:07     N
03  11.4  19.5   15:29   6.3   06:32   7.0   0.1   0.2   0.2  10.4   15:42   SSE
04  13.3  19.2   15:49   9.2   07:03   5.1   0.0   0.0   1.0  17.4   12:47    SE
05  11.2  17.4   14:50   4.9   04:26   7.1   0.0   0.0   1.0  20.9   14:51     E
06  11.8  15.3   15:18   8.9   21:04   6.5   0.0   0.0   0.5  17.4   13:15    NE
07  12.7  16.4   12:58  11.4   07:34   5.6   0.0   0.0   0.3  17.4   13:13    SE
08  11.5  17.1   14:33   7.2   06:13   6.8   0.0   1.2   0.8  13.9   09:46   NNW
09  10.0  14.6   12:47   4.7   07:37   8.3   0.0   1.0   0.7  15.6   12:11   NNW
10   8.1  14.3   13:58   3.6   07:31  10.2   0.0   0.2   1.5  22.6   13:49     N
11   9.9  16.3   14:54   5.2   22:54   8.4   0.0   2.6   0.4  15.6   16:14   NNW
12  10.5  15.7   15:14   7.3   05:36   7.8   0.0   1.0   0.3  22.6   15:17    NE
13  10.7  14.1   14:31   7.8   07:26   7.6   0.0   0.0   0.1  20.9   12:16   ENE
14  11.7  14.9   14:08   8.6   07:18   6.6   0.0   0.0   0.1  10.4   12:38   SSE
15  11.6  17.5   14:27   6.6   03:14   6.7   0.0  18.8   1.6  26.1   08:56   SSE
16  12.9  17.2   15:13   8.0   07:17   5.4   0.0   9.6   1.6  26.1   10:17     S
17  11.6  16.8   13:17   8.3   02:07   6.7   0.0   1.6   0.6  20.9   13:25   SSW
18  10.4  14.2   15:21   7.6   22:19   7.9   0.0   0.0   1.7  24.3   15:00   NNW
19  10.5  12.8   12:49   6.9   03:42   7.8   0.0   0.0   1.3  19.1   11:11     N
20  10.4  14.0   13:38   8.3   02:49   7.9   0.0   1.0   2.6  19.1   12:41     N
21   9.3  13.2   14:36   5.8   07:04   9.0   0.0   0.2   1.3  22.6   12:09     N
22   6.8  14.3   14:20   0.7   07:15  11.5   0.0   0.0   0.5  15.6   12:57   NNW
23  10.2  13.7   14:23   6.6   10:00   8.1   0.0   0.2   0.1  13.9   17:00     E
24  10.9  13.9   16:16   9.1   06:05   7.4   0.0   0.0   0.0  10.4   10:49   NNW
25  11.8  16.3   15:29   9.1   01:48   6.5   0.0   0.0   0.0   5.2   14:30     N
26  11.9  16.8   13:40   8.3   00:31   6.4   0.0   0.2   0.3  12.2   11:54   WSW
27  12.8  15.7   14:42   9.4   10:00   5.5   0.0   0.0   0.6  15.6   14:24   WSW
28  14.1  16.4   13:35  12.9   10:00   4.2   0.0   0.0   0.0  10.4   14:00    NW
29  11.5  15.2   13:05   8.9   23:17   6.8   0.0   0.0   0.0   8.7   08:13    SE
30  10.2  13.3   14:23   7.4   06:13   8.1   0.0   0.2   0.0   5.2   13:42     N
31  10.7  20.2   14:16   4.7   07:04   7.8   0.1   0.2   0.0   5.2   12:00     N
----------------------------------------------------------------------------------
    10.9  20.2    31     0.7    22   224.0   0.2  51.2   0.6  26.1    15       N

Max >=  27.0  0
Max <=   0.0  0
Min <=   0.0  0
Min <= -18.0  0
Max Rain: 18.8 on day 15
Days of Rain: 16 (>= 0.2 mm)  4 (>= 2.0 mm)  0 (>= 20.0 mm)
Heat Base: 18.3  Cool Base: 18.3  Method: Integration
 ☁ forecasts ☁ records ☁ monthly records ☁ climate data ☁ charts ☁ 
 ☁ Earth ☁ lightning ☁ radar ☁ satellite ☁ rivers ☁ forum ☁