NOAA-style Climate Reports

Select a Year or Month report
V/Λ2017 > Jan Feb Mar Apr May Jun Jul Aug Sep Oct Nov Dec
V/Λ2016 > Jan Feb Mar Apr May Jun Jul Aug Sep Oct Nov Dec
V/Λ2015 > Jan Feb Mar Apr May Jun Jul Aug Sep Oct Nov Dec
V/Λ2014 > Jan Feb Mar Apr May Jun Jul Aug Sep Oct Nov Dec

Report for 2016 Nov
                   Monthly Climatological Summary for Nov 2016

Name: Horley Weather Station   City: Horley, Surrey   State: United Kingdom
Elevation: 60 m  Lat: N 51 10 32   Lon: W 000 09 41

                  Temperature (°C), Rain (mm), Wind Speed (kts)

                                      Heat  Cool        Avg
    Mean                              Deg   Deg         Wind                 Dom
Day Temp  High   Time   Low    Time   Days  Days  Rain  Speed High   Time    Dir
----------------------------------------------------------------------------------
01   7.8  12.8   14:23   0.7   07:01  10.5   0.0   0.2   0.8  17.4   12:24   NNW
02   3.5  10.4   13:36  -1.6   03:48  14.8   0.0   0.0   0.8  17.4   12:45     N
03   7.7  12.4   13:55   1.7   09:00  10.6   0.0   0.8   0.1  12.2   13:58     W
04   5.8  10.8   12:56   0.2   04:35  12.5   0.0  10.4   0.0  12.2   08:53     N
05   4.3   8.1   13:38   0.3   06:40  14.0   0.0   0.0   2.1  19.1   10:17     N
06   5.5   7.4   13:01   2.6   09:00  12.8   0.0   1.8   6.7  38.2   03:23     N
07   3.7   8.8   13:41  -1.1   07:19  14.6   0.0   0.0   3.2  31.3   09:30     N
08   5.0   7.7   07:38   1.3   09:00  13.3   0.0  21.0   0.4  20.9   07:43   NNW
09   5.5   8.7   14:09   1.9   05:20  12.8   0.0   1.0   0.2  29.5   13:00   NNW
10   6.8  12.6   13:19   2.8   08:10  11.5   0.0   0.2   1.6  19.1   13:20   NNW
11   6.6  11.4   13:39   2.1   19:35  11.7   0.0   2.8   0.7  17.4   06:09    SE
12   8.7  10.2   15:55   5.4   07:46   9.6   0.0   7.4   0.4  15.6   10:15     E
13   6.3  10.4   12:47   3.4   23:49  12.0   0.0   0.6   0.9  17.4   10:57     N
14  11.6  13.0   08:59   7.2   09:00   6.7   0.0   0.2   0.0   8.7   13:13     N
15  14.0  15.8   13:32  12.2   08:15   4.3   0.0   2.2   0.2  13.9   00:52    SW
16  10.1  13.2   11:39   5.8   06:50   8.2   0.0   0.0   1.0  19.1   10:38   WSW
17   7.4  12.6   13:51   0.6   07:54  10.9   0.0   4.2   2.3  31.3   13:24   SSW
18   2.6   6.5   14:14  -1.7   07:07  15.7   0.0   0.0   0.2  13.9   13:12    SW
19   7.1  10.8   07:03   1.7   09:00  11.3   0.0  43.8   3.1  34.8   01:54   SSE
20   5.9   9.7   08:59   4.7   22:35  12.4   0.0  13.4   0.8  20.9   10:38     W
21  10.7  12.4   12:18   8.7   01:36   7.6   0.0  15.0   6.4  38.2   13:22     S
22   8.1  11.9   12:07   5.2   07:34  10.2   0.0   2.4   2.9  31.3   12:00     S
23   9.8  10.3   12:46   6.2   09:00   8.5   0.0   0.0   1.7  26.1   08:07   NNE
24   8.1  10.9   11:35   6.0   07:19  10.2   0.0   0.0   3.1  27.8   13:57   NNE
25   4.9  11.2   13:58  -0.8   06:49  13.4   0.0   0.0   1.1  24.3   15:42   NNE
26   5.6   8.1   12:38   2.6   09:00  12.7   0.0   0.2   0.2  12.2   13:32   NNW
27   7.0   8.9   11:17   3.8   08:11  11.3   0.0   0.0   2.0  20.9   09:35   NNW
28   2.1   8.6   13:38  -3.5   07:50  16.2   0.0   0.0   0.4  17.4   13:06     E
29  -1.4   7.2   13:50  -6.4   07:23  19.7   0.0   0.0   0.0   7.0   11:25     N
30  -1.5   7.4   13:51  -5.4   06:06  19.8   0.0   0.2   0.0   5.2   14:03     N
----------------------------------------------------------------------------------
     6.3  15.8    15    -6.4    29   359.8   0.0 127.8   1.3  38.2     6       N

Max >=  27.0  0
Max <=   0.0  0
Min <=   0.0  7
Min <= -18.0  0
Max Rain: 43.8 on day 19
Days of Rain: 19 (>= 0.2 mm)  10 (>= 2.0 mm)  2 (>= 20.0 mm)
Heat Base: 18.3  Cool Base: 18.3  Method: Integration
 ☁ forecasts ☁ records ☁ monthly records ☁ climate data ☁ charts ☁ 
 ☁ Earth ☁ lightning ☁ radar ☁ satellite ☁ rivers ☁ forum ☁