NOAA-style Climate Reports

Select a Year or Month report
V/Λ2017 > Jan Feb Mar Apr May Jun Jul Aug Sep Oct Nov Dec
V/Λ2016 > Jan Feb Mar Apr May Jun Jul Aug Sep Oct Nov Dec
V/Λ2015 > Jan Feb Mar Apr May Jun Jul Aug Sep Oct Nov Dec
V/Λ2014 > Jan Feb Mar Apr May Jun Jul Aug Sep Oct Nov Dec

Report for 2016 Dec
                   Monthly Climatological Summary for Dec 2016

Name: Horley Weather Station   City: Horley, Surrey   State: United Kingdom
Elevation: 60 m  Lat: N 51 10 32   Lon: W 000 09 41

                  Temperature (°C), Rain (mm), Wind Speed (kts)

                                      Heat  Cool        Avg
    Mean                              Deg   Deg         Wind                 Dom
Day Temp  High   Time   Low    Time   Days  Days  Rain  Speed High   Time    Dir
----------------------------------------------------------------------------------
01   3.2   8.3   14:07  -4.0   09:00  15.1   0.0   0.0   0.1   7.0   11:45   NNW
02   5.9   8.2   13:59   3.3   02:41  12.4   0.0   0.0   0.0   5.2   13:45   NNW
03   2.7   8.4   13:01  -2.1   07:13  15.6   0.0   0.0   0.3  17.4   11:49    SE
04   0.7   7.1   13:38  -3.3   07:12  17.6   0.0   0.2   0.1  12.2   13:23     E
05   3.2   8.0   13:56  -1.4   09:00  15.1   0.0   0.2   0.0   7.0   12:20   SSE
06   9.4  10.8   03:32   4.1   09:00   8.9   0.0   0.0   0.5  13.9   17:53     S
07  11.3  13.0   13:00   9.9   03:27   7.0   0.0   0.0   2.2  15.6   07:56     S
08  11.7  13.1   12:17  11.2   05:40   6.6   0.0   0.2   1.5  15.6   09:35     S
09  11.4  13.9   13:48  10.0   18:24   6.9   0.0   0.2   1.3  15.6   11:22     S
10   8.7  12.5   12:39   3.0   08:54   9.6   0.0   4.2   0.5  33.0   21:26   SSW
11   3.7   9.8   14:05  -0.3   04:27  14.6   0.0   0.4   0.0   7.0   13:59    NW
12   8.5  10.7   18:45   3.1   09:00   9.7   0.0   1.4   0.1  12.2   11:18    SE
13  10.2  12.3   13:11   6.0   07:45   8.1   0.0   0.4   0.9  15.6   15:13     S
14   6.9  12.7   12:54   2.4   02:20  11.4   0.0   0.2   0.1  15.6   12:58    SE
15   8.5  10.9   14:03   6.9   09:00   9.8   0.0   0.0   0.5  12.2   12:57    SE
16   7.9   9.9   13:30   3.5   06:05  10.4   0.0   0.0   0.0   5.2   09:04     N
17   6.7   7.8   14:00   5.4   01:40  11.6   0.0   0.2   0.0   3.5   13:24     N
18   6.2   7.9   13:04   4.8   06:13  12.1   0.0   0.0   0.0   5.2   11:00     N
19   5.6   7.2   15:18   2.2   08:17  12.7   0.0   0.2   0.0   5.2   13:20   NNW
20   5.9   9.3   08:08   2.8   09:00  12.4   0.0   1.4   1.6  22.6   02:33     S
21   8.0  10.9   13:09   0.3   08:58  10.3   0.0   0.8   1.2  20.9   14:00     S
22   5.6   9.8   08:58   0.4   09:00  12.7   0.0   0.2   0.4  17.4   08:28     S
23   8.2  10.8   19:46   4.8   05:12  10.1   0.0   5.4   4.0  34.8   13:40     S
24   9.4  11.0   07:48   5.9   09:00   8.9   0.0   0.0   3.0  20.9   01:18    SW
25  10.9  12.5   12:36   6.5   08:04   7.4   0.0   1.4   3.4  33.0   03:12    SW
26   2.1   8.5   12:34  -3.0   08:06  16.2   0.0   0.0   0.8  20.9   10:23   NNW
27   0.1   6.5   13:56  -2.5   09:00  18.2   0.0   0.2   0.0   3.5   06:45     N
28  -0.2   4.3   13:56  -4.1   08:26  18.5   0.0   0.2   0.0   5.2   12:43     N
29   0.4   7.2   14:22  -3.6   09:00  17.9   0.0   0.2   0.0   3.5   10:43     N
30   1.9   3.8   08:58   0.2   09:00  16.4   0.0   0.6   0.0   3.5   14:32     N
31   6.3   7.9   08:58   3.8   09:00  12.0   0.0   0.0   0.3  10.4   21:34   SSW
----------------------------------------------------------------------------------
     6.2  13.9     9    -4.1    28   376.2   0.0  18.2   0.6  34.8    23     SSW

Max >=  27.0  0
Max <=   0.0  0
Min <=   0.0  9
Min <= -18.0  0
Max Rain: 5.4 on day 23
Days of Rain: 20 (>= 0.2 mm)  2 (>= 2.0 mm)  0 (>= 20.0 mm)
Heat Base: 18.3  Cool Base: 18.3  Method: Integration
 ☁ forecasts ☁ records ☁ monthly records ☁ climate data ☁ charts ☁ 
 ☁ Earth ☁ lightning ☁ radar ☁ satellite ☁ rivers ☁ forum ☁