NOAA-style Climate Reports

Select a Year or Month report
V/Λ2017 > Jan Feb Mar Apr May Jun Jul Aug Sep Oct Nov Dec
V/Λ2016 > Jan Feb Mar Apr May Jun Jul Aug Sep Oct Nov Dec
V/Λ2015 > Jan Feb Mar Apr May Jun Jul Aug Sep Oct Nov Dec
V/Λ2014 > Jan Feb Mar Apr May Jun Jul Aug Sep Oct Nov Dec

Report for 2017
                   Annual Climatological Summary for 2017

Name: Horley Weather Station   City: Horley, Surrey   State: United Kingdom
Elevation: 60 m  Lat: N 51 10 32   Lon: W 000 09 41

                  Temperature (°C), Heat Base: 18.3  Cool Base: 18.3
                          Dep.  Heat  Cool                       Max  Max  Min  Min
        Mean  Mean        From  Deg   Deg                        >=   <=   <=   <=
 YR MO  Max   Min   Mean  Norm  Days  Days  Hi  Date  Low  Date 27.0  0.0  0.0 -18.0
------------------------------------------------------------------------------------
 17  1   7.2  -0.3   3.2  -1.1   468     0  11.1  11  -6.4   20    0    0   17    0
 17  2   9.6   3.9   6.7   2.2   324     0  18.1  20  -1.2    5    0    0    2    0
 17  3  13.9   6.3   9.7   2.9   267     0  21.1  30   1.8    5    0    0    0    0
 17  4  15.8   4.5  10.0   1.3   250     2  23.4   9  -2.1   26    0    0    2    0
 17  5  19.6   9.2  14.1   2.0   150    19  27.7  26   0.6    9    2    0    0    0
 17  6  23.6  12.9  18.0   3.0    61    54  33.4  21   8.7   12    5    0    0    0
 17  7  24.9  14.1  19.2   1.9    19    33  30.2   6   9.7   12    5    0    0    0
 17  8
 17  9
 17 10
 17 11
 17 12
------------------------------------------------------------------------------------
        16.4   7.2  11.6   1.8  1540   107  33.4 Jun  -6.4  Jan   12    0   21    0

                                Precipitation (mm)

              Dep.   Max        Days of Rain
              From   Obs.           >=
 YR MO Total  Norm   Day Date  0.2  2.0 20.0
---------------------------------------------
 17  1 101.8  22.9  19.2  12    20   10    0
 17  2  75.6  17.6  16.2  26    18   10    0
 17  3  39.2 -25.0  10.6  22    15    7    0
 17  4  12.8 -47.4   6.8   3     5    2    0
 17  5  82.6  27.2  21.0  16    14    5    1
 17  6  71.6  27.3  29.8  27     7    4    2
 17  7  35.8 -17.2  35.4  11     2    1    1
---------------------------------------------
       419.4   5.4  35.4  Jul   81   39    4

                                Wind Speed (kts)
                          Dom
 YR MO   Avg.  Hi   Date  Dir
------------------------------
 17  1   1.2  33.0   11   NNW
 17  2   2.3  45.2   23   SSW
 17  3   2.2  31.3    1    SW
 17  4   1.5  26.1   24   NNW
 17  5   1.8  27.8    5     S
 17  6   2.3  34.8    5   SSW
 17  7   1.4  26.1    1    NW
 17  8
 17  9
 17 10
 17 11
 17 12
------------------------------
         1.8  45.2  Feb    SW
 ☁ forecasts ☁ records ☁ monthly records ☁ climate data ☁ charts ☁ 
 ☁ Earth ☁ lightning ☁ radar ☁ satellite ☁ rivers ☁ forum ☁