NOAA-style Climate Reports

Select a Year or Month report
V/Λ2017 > Jan Feb Mar Apr May Jun Jul Aug Sep Oct Nov Dec
V/Λ2016 > Jan Feb Mar Apr May Jun Jul Aug Sep Oct Nov Dec
V/Λ2015 > Jan Feb Mar Apr May Jun Jul Aug Sep Oct Nov Dec
V/Λ2014 > Jan Feb Mar Apr May Jun Jul Aug Sep Oct Nov Dec

Report for 2017 Jan
                   Monthly Climatological Summary for Jan 2017

Name: Horley Weather Station   City: Horley, Surrey   State: United Kingdom
Elevation: 60 m  Lat: N 51 10 32   Lon: W 000 09 41

                  Temperature (°C), Rain (mm), Wind Speed (kts)

                                      Heat  Cool        Avg
    Mean                              Deg   Deg         Wind                 Dom
Day Temp  High   Time   Low    Time   Days  Days  Rain  Speed High   Time    Dir
----------------------------------------------------------------------------------
01   5.0   8.9   12:20   1.3   08:24  13.3   0.0  12.2   2.5  22.6   15:44   NNW
02  -0.3   5.4   13:52  -4.2   04:07  18.6   0.0   0.0   1.0  15.6   12:18     N
03   3.4   5.7   08:54  -3.1   09:00  14.9   0.0   0.2   0.9  24.3   12:44    NW
04   1.9   8.2   12:24  -3.6   06:04  16.4   0.0   0.0   1.7  20.9   12:39     N
05  -0.9   5.8   13:50  -4.5   05:51  19.2   0.0   0.0   0.1   7.0   10:42     N
06   5.0   8.4   08:58  -3.1   09:00  13.3   0.0   8.2   0.6  13.9   22:13     S
07   8.8  10.6   14:06   7.3   05:16   9.5   0.0   0.0   0.1   8.7   12:29     N
08   8.7  10.7   13:15   7.4   06:43   9.6   0.0   0.4   0.2  10.4   08:44     S
09   6.3   9.9   11:15   2.6   02:02  12.0   0.0   3.4   1.9  29.5   18:23   SSW
10   7.4   9.8   06:58   5.3   17:05  10.9   0.0   0.0   0.8  15.6   12:34    NW
11   7.1  11.1   10:55   4.8   20:20  11.2   0.0   0.0   3.1  33.0   12:06    NW
12   2.7   7.3   11:11   0.5   18:10  15.6   0.0  19.2   5.2  26.1   19:33   NNW
13   2.3   5.6   14:14  -0.2   03:03  16.0   0.0   4.2   4.2  33.0   13:13     N
14   2.2   5.2   12:19   0.2   01:12  16.1   0.0   4.2   0.6  20.9   12:33     N
15   6.3   8.4   18:30   3.1   09:00  12.0   0.0   9.2   1.0  15.6   19:03   NNW
16   2.6   4.6   14:45  -0.5   08:52  15.7   0.0   3.4   0.0   3.5   12:58     N
17  -1.3   4.9   14:10  -5.3   07:41  19.6   0.0   0.2   0.0   5.2   11:49    SE
18  -1.0   5.2   14:32  -4.2   04:59  19.3   0.0   0.2   0.0   7.0   12:45   NNW
19   0.2   6.4   13:41  -5.1   07:15  18.1   0.0   0.0   0.0   8.7   12:30     N
20  -1.0   6.8   14:20  -6.4   07:33  19.3   0.0   0.2   0.0   8.7   11:53    SE
21  -1.7   4.0   14:41  -5.7   07:37  20.0   0.0   0.0   0.1   8.7   15:00    SE
22  -0.8   6.6   14:23  -4.8   09:00  19.1   0.0   0.0   0.0   3.5   10:32    SE
23   0.7   2.7   13:29  -2.5   09:00  17.6   0.0   0.2   0.0   0.0   09:00     N
24   1.7   9.7   14:41  -1.9   23:35  16.6   0.0   0.0   0.0   7.0   14:04     W
25   0.7   3.3   11:57  -1.1   08:47  17.6   0.0   0.6   1.1  20.9   05:56    SE
26  -1.4   0.8   08:58  -2.7   20:28  19.7   0.0   0.0   1.0  19.1   09:50    SE
27   6.0   8.3   07:10   0.8   09:00  12.3   0.0   1.0   2.4  20.9   04:34    SE
28   5.8  10.2   13:52   1.9   07:26  12.5   0.0   0.8   1.5  20.9   14:35     S
29   8.3   9.7   00:15   4.3   09:00  10.0   0.0  15.6   2.8  26.1   19:50     S
30   6.5   8.5   14:55   5.4   07:00  11.8   0.0   1.8   0.2   8.7   19:54   SSE
31   8.3  10.6   03:14   5.4   09:00  10.0   0.0  16.6   0.5  10.4   23:59   SSE
----------------------------------------------------------------------------------
     3.2  11.1    11    -6.4    20   467.8   0.0 101.8   1.2  33.0    11     NNW

Max >=  27.0  0
Max <=   0.0  0
Min <=   0.0 17
Min <= -18.0  0
Max Rain: 19.2 on day 12
Days of Rain: 20 (>= 0.2 mm)  10 (>= 2.0 mm)  0 (>= 20.0 mm)
Heat Base: 18.3  Cool Base: 18.3  Method: Integration
 ☁ forecasts ☁ records ☁ monthly records ☁ climate data ☁ charts ☁ 
 ☁ Earth ☁ lightning ☁ radar ☁ satellite ☁ rivers ☁ forum ☁