NOAA-style Climate Reports

Select a Year or Month report
V/Λ2017 > Jan Feb Mar Apr May Jun Jul Aug Sep Oct Nov Dec
V/Λ2016 > Jan Feb Mar Apr May Jun Jul Aug Sep Oct Nov Dec
V/Λ2015 > Jan Feb Mar Apr May Jun Jul Aug Sep Oct Nov Dec
V/Λ2014 > Jan Feb Mar Apr May Jun Jul Aug Sep Oct Nov Dec

Report for 2017 Apr
                   Monthly Climatological Summary for Apr 2017

Name: Horley Weather Station   City: Horley, Surrey   State: United Kingdom
Elevation: 60 m  Lat: N 51 10 32   Lon: W 000 09 41

                  Temperature (°C), Rain (mm), Wind Speed (kts)

                                      Heat  Cool        Avg
    Mean                              Deg   Deg         Wind                 Dom
Day Temp  High   Time   Low    Time   Days  Days  Rain  Speed High   Time    Dir
----------------------------------------------------------------------------------
01  10.2  16.1   14:47   3.7   06:16   8.1   0.0   0.0   1.6  17.4   15:03   SSW
02   8.9  16.7   14:54   2.2   06:57   9.4   0.0   0.0   1.1  13.9   13:31     N
03  10.9  16.1   15:06   7.5   22:17   7.4   0.0   6.8   1.8  13.9   12:43     S
04  10.7  14.9   16:25   4.7   06:33   7.6   0.0   0.0   2.2  17.4   22:30     N
05   9.8  15.3   15:50   4.0   07:08   8.5   0.0   0.0   2.3  20.9   17:05     N
06  10.6  18.2   16:56   3.1   06:30   7.7   0.0   0.0   0.7  10.4   13:09   NNW
07  10.5  19.7   16:59   3.8   06:31   7.8   0.0   0.0   0.9  13.9   15:03   NNW
08  12.0  20.2   15:46   4.9   06:16   6.5   0.2   0.0   1.0  15.6   13:33   SSE
09  15.0  23.4   14:01   8.2   06:55   4.6   1.3   0.0   2.9  22.6   09:31   SSW
10   9.4  14.7   16:23   3.8   06:21   8.9   0.0   0.0   2.6  22.6   12:59     N
11  10.3  16.8   16:52   4.7   04:56   8.0   0.0   0.0   0.4  17.4   12:15    NW
12  11.9  17.2   16:40   5.6   06:58   6.4   0.0   0.0   2.6  19.1   12:45   NNW
13  10.7  15.2   15:07   7.4   01:20   7.6   0.0   0.0   1.7  19.1   11:13   NNW
14  11.8  15.8   15:03   8.7   06:26   6.5   0.0   0.0   1.5  20.9   09:28   WSW
15   9.6  14.6   15:56   3.3   03:58   8.7   0.0   0.0   2.1  22.6   17:49   NNW
16  11.1  16.1   13:56   8.0   02:50   7.2   0.0   0.2   2.2  22.6   01:14   NNW
17   8.3  13.3   16:05   2.6   03:31  10.0   0.0   0.0   1.3  24.3   08:07   NNW
18   7.2  13.6   16:53  -0.1   06:03  11.1   0.0   0.0   2.0  24.3   10:32   NNW
19   8.1  14.8   16:06   1.1   02:56  10.2   0.0   0.0   0.8  13.9   15:25   SSE
20  11.0  15.2   13:49   5.0   04:20   7.3   0.0   0.0   0.8  15.6   12:34   WSW
21  12.5  15.7   11:31   8.8   05:44   5.8   0.0   0.0   1.5  19.1   07:41     N
22  10.1  16.7   18:25   5.4   02:57   8.2   0.0   0.0   0.9  12.2   10:13   NNW
23  10.5  14.8   17:43   6.4   01:07   7.8   0.0   0.0   1.4  15.6   10:02     S
24   8.2  15.1   12:38   0.4   05:58  10.1   0.0   0.0   3.0  26.1   23:36   NNW
25   6.0  11.8   16:59   1.3   02:19  12.3   0.0   0.0   3.8  26.1   16:16     N
26   4.2  11.4   12:58  -2.1   05:38  14.1   0.0   0.4   2.3  26.1   12:36   NNW
27   8.3  11.9   13:24   6.2   01:25  10.0   0.0   1.4   1.2  19.1   11:19   NNW
28   8.9  14.9   16:44   1.4   06:02   9.4   0.0   0.0   0.6  13.9   11:43   NNW
29  12.0  16.6   16:44   7.1   05:47   6.3   0.0   0.0   2.0  19.1   15:40   SSE
30  11.6  16.8   12:29   7.2   06:26   6.7   0.0   4.0   2.0  22.6   11:19    SE
----------------------------------------------------------------------------------
    10.0  23.4     9    -2.1    26   250.2   1.5  12.8   1.5  26.1    24     NNW

Max >=  27.0  0
Max <=   0.0  0
Min <=   0.0  2
Min <= -18.0  0
Max Rain: 6.8 on day 3
Days of Rain: 5 (>= 0.2 mm)  2 (>= 2.0 mm)  0 (>= 20.0 mm)
Heat Base: 18.3  Cool Base: 18.3  Method: Integration
 ☁ forecasts ☁ records ☁ monthly records ☁ climate data ☁ charts ☁ 
 ☁ Earth ☁ lightning ☁ radar ☁ satellite ☁ rivers ☁ forum ☁